{"id":10787,"date":"2024-05-20T14:45:02","date_gmt":"2024-05-20T19:45:02","guid":{"rendered":"https:\/\/centroferreterofarvel.com\/?post_type=product&#038;p=10787"},"modified":"2024-07-24T12:45:13","modified_gmt":"2024-07-24T17:45:13","slug":"interruptor-simple-ancho-veto-vive","status":"publish","type":"product","link":"https:\/\/centroferreterofarvel.com\/index.php\/producto\/interruptor-simple-ancho-veto-vive\/","title":{"rendered":"INTERRUPTOR SIMPLE ANCHO VETO VIVE"},"content":{"rendered":"<p>Optimiza el control de tus luces con el interruptor simple ancho Veto Vive. Este interruptor, parte de la prestigiosa l\u00ednea de interruptores Veto, est\u00e1 dise\u00f1ado con materiales de alta calidad que garantizan durabilidad y seguridad. Su formato ancho facilita el uso diario, proporcionando una operaci\u00f3n suave y eficiente. Ideal para aplicaciones residenciales y comerciales, el interruptor Veto Vive asegura un rendimiento superior en cualquier entorno.<\/p>\n","protected":false},"excerpt":{"rendered":"<p>Interruptor Simple Ancho Veto Vive: Estilo y Funcionalidad para tu Hogar<\/p>\n","protected":false},"featured_media":10920,"comment_status":"open","ping_status":"closed","template":"","meta":{"_uag_custom_page_level_css":""},"product_cat":[37,33],"product_tag":[175,287,1732,377],"jetpack_sharing_enabled":true,"uagb_featured_image_src":{"full":["https:\/\/centroferreterofarvel.com\/wp-content\/uploads\/2024\/05\/Interruptor-simple-ancho-veto-vive.png",1080,1080,false],"thumbnail":["https:\/\/centroferreterofarvel.com\/wp-content\/uploads\/2024\/05\/Interruptor-simple-ancho-veto-vive-150x150.png",150,150,true],"medium":["https:\/\/centroferreterofarvel.com\/wp-content\/uploads\/2024\/05\/Interruptor-simple-ancho-veto-vive-300x300.png",300,300,true],"medium_large":["https:\/\/centroferreterofarvel.com\/wp-content\/uploads\/2024\/05\/Interruptor-simple-ancho-veto-vive-768x768.png",768,768,true],"large":["https:\/\/centroferreterofarvel.com\/wp-content\/uploads\/2024\/05\/Interruptor-simple-ancho-veto-vive-1024x1024.png",1024,1024,true],"1536x1536":["https:\/\/centroferreterofarvel.com\/wp-content\/uploads\/2024\/05\/Interruptor-simple-ancho-veto-vive.png",1080,1080,false],"2048x2048":["https:\/\/centroferreterofarvel.com\/wp-content\/uploads\/2024\/05\/Interruptor-simple-ancho-veto-vive.png",1080,1080,false],"mailpoet_newsletter_max":["https:\/\/centroferreterofarvel.com\/wp-content\/uploads\/2024\/05\/Interruptor-simple-ancho-veto-vive.png",1080,1080,false],"woocommerce_thumbnail":["https:\/\/centroferreterofarvel.com\/wp-content\/uploads\/2024\/05\/Interruptor-simple-ancho-veto-vive-450x450.png",450,450,true],"woocommerce_single":["https:\/\/centroferreterofarvel.com\/wp-content\/uploads\/2024\/05\/Interruptor-simple-ancho-veto-vive-600x600.png",600,600,true],"woocommerce_gallery_thumbnail":["https:\/\/centroferreterofarvel.com\/wp-content\/uploads\/2024\/05\/Interruptor-simple-ancho-veto-vive-100x100.png",100,100,true]},"uagb_author_info":{"display_name":"centroferreterofarvel","author_link":"https:\/\/centroferreterofarvel.com\/index.php\/author\/"},"uagb_comment_info":0,"uagb_excerpt":"Interruptor Simple Ancho Veto Vive: Estilo y Funcionalidad para tu Hogar","_links":{"self":[{"href":"https:\/\/centroferreterofarvel.com\/index.php\/wp-json\/wp\/v2\/product\/10787"}],"collection":[{"href":"https:\/\/centroferreterofarvel.com\/index.php\/wp-json\/wp\/v2\/product"}],"about":[{"href":"https:\/\/centroferreterofarvel.com\/index.php\/wp-json\/wp\/v2\/types\/product"}],"replies":[{"embeddable":true,"href":"https:\/\/centroferreterofarvel.com\/index.php\/wp-json\/wp\/v2\/comments?post=10787"}],"version-history":[{"count":2,"href":"https:\/\/centroferreterofarvel.com\/index.php\/wp-json\/wp\/v2\/product\/10787\/revisions"}],"predecessor-version":[{"id":10818,"href":"https:\/\/centroferreterofarvel.com\/index.php\/wp-json\/wp\/v2\/product\/10787\/revisions\/10818"}],"wp:featuredmedia":[{"embeddable":true,"href":"https:\/\/centroferreterofarvel.com\/index.php\/wp-json\/wp\/v2\/media\/10920"}],"wp:attachment":[{"href":"https:\/\/centroferreterofarvel.com\/index.php\/wp-json\/wp\/v2\/media?parent=10787"}],"wp:term":[{"taxonomy":"product_cat","embeddable":true,"href":"https:\/\/centroferreterofarvel.com\/index.php\/wp-json\/wp\/v2\/product_cat?post=10787"},{"taxonomy":"product_tag","embeddable":true,"href":"https:\/\/centroferreterofarvel.com\/index.php\/wp-json\/wp\/v2\/product_tag?post=10787"}],"curies":[{"name":"wp","href":"https:\/\/api.w.org\/{rel}","templated":true}]}}