{"id":1910,"date":"2023-08-30T11:32:39","date_gmt":"2023-08-30T16:32:39","guid":{"rendered":"https:\/\/centroferreterofarvel.com\/?post_type=product&#038;p=1910"},"modified":"2024-04-16T09:57:37","modified_gmt":"2024-04-16T14:57:37","slug":"tee-roscable-plastigama-1-2-0100544","status":"publish","type":"product","link":"https:\/\/centroferreterofarvel.com\/index.php\/producto\/tee-roscable-plastigama-1-2-0100544\/","title":{"rendered":"TEE ROSCABLE PLASTIGAMA 1\/2"},"content":{"rendered":"<p style=\"text-align: left;\">Descubre la robustez del Tee Roscable Plastigama \u00bd, un accesorio indispensable para tuber\u00edas en la industria de la construcci\u00f3n. Este codo de PVC de medio pulgada ofrece conexiones roscables confiables, siendo un componente clave en plomer\u00eda y proyectos de construcci\u00f3n. Explora c\u00f3mo este accesorio contribuye a la solidez y eficiencia en la infraestructura construida.<\/p>\n<p>Material: Polipropileno Di\u00e1metro: 1\/2\u2033 Tipo de uni\u00f3n: roscable Uso: sistemas a presi\u00f3n de agua potable.<\/p>\n<p>&nbsp;<\/p>\n","protected":false},"excerpt":{"rendered":"<div class=\"product_meta\">\n<p>Tee Roscable Plastigama \u00bd: Accesorio Robusto para Tuber\u00edas en la Industria de la Construcci\u00f3n.<\/p>\n<\/div>\n<form class=\"cart\" action=\"https:\/\/kywitiendaenlinea.com\/product\/tee-roscable-1-2-plastigama\/\" enctype=\"multipart\/form-data\" method=\"post\">\n<div class=\"quantity buttons_added\"><\/div>\n<\/form>\n","protected":false},"featured_media":3530,"comment_status":"open","ping_status":"closed","template":"","meta":{"_uag_custom_page_level_css":""},"product_cat":[172],"product_tag":[313,312,316,314,318,319,317,311,315],"jetpack_sharing_enabled":true,"uagb_featured_image_src":{"full":["https:\/\/centroferreterofarvel.com\/wp-content\/uploads\/2023\/08\/tubo-10.png",1200,1176,false],"thumbnail":["https:\/\/centroferreterofarvel.com\/wp-content\/uploads\/2023\/08\/tubo-10-150x150.png",150,150,true],"medium":["https:\/\/centroferreterofarvel.com\/wp-content\/uploads\/2023\/08\/tubo-10-300x294.png",300,294,true],"medium_large":["https:\/\/centroferreterofarvel.com\/wp-content\/uploads\/2023\/08\/tubo-10-768x753.png",768,753,true],"large":["https:\/\/centroferreterofarvel.com\/wp-content\/uploads\/2023\/08\/tubo-10-1024x1004.png",1024,1004,true],"1536x1536":["https:\/\/centroferreterofarvel.com\/wp-content\/uploads\/2023\/08\/tubo-10.png",1200,1176,false],"2048x2048":["https:\/\/centroferreterofarvel.com\/wp-content\/uploads\/2023\/08\/tubo-10.png",1200,1176,false],"mailpoet_newsletter_max":["https:\/\/centroferreterofarvel.com\/wp-content\/uploads\/2023\/08\/tubo-10.png",1200,1176,false],"woocommerce_thumbnail":["https:\/\/centroferreterofarvel.com\/wp-content\/uploads\/2023\/08\/tubo-10-450x450.png",450,450,true],"woocommerce_single":["https:\/\/centroferreterofarvel.com\/wp-content\/uploads\/2023\/08\/tubo-10-600x588.png",600,588,true],"woocommerce_gallery_thumbnail":["https:\/\/centroferreterofarvel.com\/wp-content\/uploads\/2023\/08\/tubo-10-100x100.png",100,100,true]},"uagb_author_info":{"display_name":"centroferreterofarvel","author_link":"https:\/\/centroferreterofarvel.com\/index.php\/author\/"},"uagb_comment_info":0,"uagb_excerpt":"Tee Roscable Plastigama \u00bd: Accesorio Robusto para Tuber\u00edas en la Industria de la Construcci\u00f3n.","_links":{"self":[{"href":"https:\/\/centroferreterofarvel.com\/index.php\/wp-json\/wp\/v2\/product\/1910"}],"collection":[{"href":"https:\/\/centroferreterofarvel.com\/index.php\/wp-json\/wp\/v2\/product"}],"about":[{"href":"https:\/\/centroferreterofarvel.com\/index.php\/wp-json\/wp\/v2\/types\/product"}],"replies":[{"embeddable":true,"href":"https:\/\/centroferreterofarvel.com\/index.php\/wp-json\/wp\/v2\/comments?post=1910"}],"version-history":[{"count":2,"href":"https:\/\/centroferreterofarvel.com\/index.php\/wp-json\/wp\/v2\/product\/1910\/revisions"}],"predecessor-version":[{"id":9510,"href":"https:\/\/centroferreterofarvel.com\/index.php\/wp-json\/wp\/v2\/product\/1910\/revisions\/9510"}],"wp:featuredmedia":[{"embeddable":true,"href":"https:\/\/centroferreterofarvel.com\/index.php\/wp-json\/wp\/v2\/media\/3530"}],"wp:attachment":[{"href":"https:\/\/centroferreterofarvel.com\/index.php\/wp-json\/wp\/v2\/media?parent=1910"}],"wp:term":[{"taxonomy":"product_cat","embeddable":true,"href":"https:\/\/centroferreterofarvel.com\/index.php\/wp-json\/wp\/v2\/product_cat?post=1910"},{"taxonomy":"product_tag","embeddable":true,"href":"https:\/\/centroferreterofarvel.com\/index.php\/wp-json\/wp\/v2\/product_tag?post=1910"}],"curies":[{"name":"wp","href":"https:\/\/api.w.org\/{rel}","templated":true}]}}