{"id":1916,"date":"2023-08-30T11:58:24","date_gmt":"2023-08-30T16:58:24","guid":{"rendered":"https:\/\/centroferreterofarvel.com\/?post_type=product&#038;p=1916"},"modified":"2024-05-20T17:13:46","modified_gmt":"2024-05-20T22:13:46","slug":"codo-roscable-plastigama-1-2-x90-0100541","status":"publish","type":"product","link":"https:\/\/centroferreterofarvel.com\/index.php\/producto\/codo-roscable-plastigama-1-2-x90-0100541\/","title":{"rendered":"CODO ROSCABLE PLASTIGAMA 1\/2 X90"},"content":{"rendered":"<p>Experimenta la eficiencia y durabilidad con el Codo Roscable Plastigama 1\/2 x90, una elecci\u00f3n ideal para fontaneros y profesionales de la construcci\u00f3n. Este accesorio de calidad se integra perfectamente en tuber\u00edas, garantizando conexiones seguras en proyectos industriales y de construcci\u00f3n. Descubre la confiabilidad de Plastigama en cada instalaci\u00f3n.<\/p>\n<p>Fabricados en polipropileno roscable. Conexi\u00f3n hembra \u2013 hembra. 1\/2\u201d x 90\u00b0 C. Para uso en instalaciones de agua caliente o fr\u00eda.<\/p>\n","protected":false},"excerpt":{"rendered":"<p>Codo Roscable Plastigama 1\/2 x90: Eficiencia y Durabilidad en Accesorios de Tuber\u00eda para Fontaneros y Constructores.<\/p>\n","protected":false},"featured_media":10161,"comment_status":"open","ping_status":"closed","template":"","meta":{"_uag_custom_page_level_css":""},"product_cat":[22,172],"product_tag":[312,318,323,322,319,320,324,315,321],"jetpack_sharing_enabled":true,"uagb_featured_image_src":{"full":["https:\/\/centroferreterofarvel.com\/wp-content\/uploads\/2023\/08\/CODO-ROSCABLE-PLASTIGAMA-12X90-3.png",1080,1350,false],"thumbnail":["https:\/\/centroferreterofarvel.com\/wp-content\/uploads\/2023\/08\/CODO-ROSCABLE-PLASTIGAMA-12X90-3-150x150.png",150,150,true],"medium":["https:\/\/centroferreterofarvel.com\/wp-content\/uploads\/2023\/08\/CODO-ROSCABLE-PLASTIGAMA-12X90-3-240x300.png",240,300,true],"medium_large":["https:\/\/centroferreterofarvel.com\/wp-content\/uploads\/2023\/08\/CODO-ROSCABLE-PLASTIGAMA-12X90-3-768x960.png",768,960,true],"large":["https:\/\/centroferreterofarvel.com\/wp-content\/uploads\/2023\/08\/CODO-ROSCABLE-PLASTIGAMA-12X90-3-819x1024.png",819,1024,true],"1536x1536":["https:\/\/centroferreterofarvel.com\/wp-content\/uploads\/2023\/08\/CODO-ROSCABLE-PLASTIGAMA-12X90-3.png",1080,1350,false],"2048x2048":["https:\/\/centroferreterofarvel.com\/wp-content\/uploads\/2023\/08\/CODO-ROSCABLE-PLASTIGAMA-12X90-3.png",1080,1350,false],"mailpoet_newsletter_max":["https:\/\/centroferreterofarvel.com\/wp-content\/uploads\/2023\/08\/CODO-ROSCABLE-PLASTIGAMA-12X90-3.png",1080,1350,false],"woocommerce_thumbnail":["https:\/\/centroferreterofarvel.com\/wp-content\/uploads\/2023\/08\/CODO-ROSCABLE-PLASTIGAMA-12X90-3-450x450.png",450,450,true],"woocommerce_single":["https:\/\/centroferreterofarvel.com\/wp-content\/uploads\/2023\/08\/CODO-ROSCABLE-PLASTIGAMA-12X90-3-600x750.png",600,750,true],"woocommerce_gallery_thumbnail":["https:\/\/centroferreterofarvel.com\/wp-content\/uploads\/2023\/08\/CODO-ROSCABLE-PLASTIGAMA-12X90-3-100x100.png",100,100,true]},"uagb_author_info":{"display_name":"centroferreterofarvel","author_link":"https:\/\/centroferreterofarvel.com\/index.php\/author\/"},"uagb_comment_info":0,"uagb_excerpt":"Codo Roscable Plastigama 1\/2 x90: Eficiencia y Durabilidad en Accesorios de Tuber\u00eda para Fontaneros y Constructores.","_links":{"self":[{"href":"https:\/\/centroferreterofarvel.com\/index.php\/wp-json\/wp\/v2\/product\/1916"}],"collection":[{"href":"https:\/\/centroferreterofarvel.com\/index.php\/wp-json\/wp\/v2\/product"}],"about":[{"href":"https:\/\/centroferreterofarvel.com\/index.php\/wp-json\/wp\/v2\/types\/product"}],"replies":[{"embeddable":true,"href":"https:\/\/centroferreterofarvel.com\/index.php\/wp-json\/wp\/v2\/comments?post=1916"}],"version-history":[{"count":1,"href":"https:\/\/centroferreterofarvel.com\/index.php\/wp-json\/wp\/v2\/product\/1916\/revisions"}],"predecessor-version":[{"id":6923,"href":"https:\/\/centroferreterofarvel.com\/index.php\/wp-json\/wp\/v2\/product\/1916\/revisions\/6923"}],"wp:featuredmedia":[{"embeddable":true,"href":"https:\/\/centroferreterofarvel.com\/index.php\/wp-json\/wp\/v2\/media\/10161"}],"wp:attachment":[{"href":"https:\/\/centroferreterofarvel.com\/index.php\/wp-json\/wp\/v2\/media?parent=1916"}],"wp:term":[{"taxonomy":"product_cat","embeddable":true,"href":"https:\/\/centroferreterofarvel.com\/index.php\/wp-json\/wp\/v2\/product_cat?post=1916"},{"taxonomy":"product_tag","embeddable":true,"href":"https:\/\/centroferreterofarvel.com\/index.php\/wp-json\/wp\/v2\/product_tag?post=1916"}],"curies":[{"name":"wp","href":"https:\/\/api.w.org\/{rel}","templated":true}]}}