{"id":2742,"date":"2023-09-18T10:35:24","date_gmt":"2023-09-18T15:35:24","guid":{"rendered":"https:\/\/centroferreterofarvel.com\/?post_type=product&#038;p=2742"},"modified":"2024-05-22T11:50:58","modified_gmt":"2024-05-22T16:50:58","slug":"tapon-hembra-rival","status":"publish","type":"product","link":"https:\/\/centroferreterofarvel.com\/index.php\/producto\/tapon-hembra-rival\/","title":{"rendered":"TAP\u00d3N HEMBRA RIVAL"},"content":{"rendered":"<p>Experimenta la estanqueidad y durabilidad que brinda el Tap\u00f3n Hembra Rival en accesorios de manguera y tuber\u00edas. Fabricado con materiales de alta calidad, este tap\u00f3n asegura un sellado efectivo y resistente en aplicaciones que requieren una conexi\u00f3n confiable en sistemas hidr\u00e1ulicos.<\/p>\n","protected":false},"excerpt":{"rendered":"<div class=\"sr-free\" data-cooltipz-dir=\"bottom-left\" aria-label=\"Click sentence to rephrase\">\n<p>Tap\u00f3n Hembra Rival: Estanqueidad y Durabilidad en Accesorios de Manguera y Tuber\u00edas.<\/p>\n<\/div>\n","protected":false},"featured_media":3595,"comment_status":"open","ping_status":"closed","template":"","meta":{"_uag_custom_page_level_css":""},"product_cat":[22,165],"product_tag":[344,316,346,315,321],"jetpack_sharing_enabled":true,"uagb_featured_image_src":{"full":["https:\/\/centroferreterofarvel.com\/wp-content\/uploads\/2023\/09\/rival-1.png",1264,1262,false],"thumbnail":["https:\/\/centroferreterofarvel.com\/wp-content\/uploads\/2023\/09\/rival-1-150x150.png",150,150,true],"medium":["https:\/\/centroferreterofarvel.com\/wp-content\/uploads\/2023\/09\/rival-1-300x300.png",300,300,true],"medium_large":["https:\/\/centroferreterofarvel.com\/wp-content\/uploads\/2023\/09\/rival-1-768x767.png",768,767,true],"large":["https:\/\/centroferreterofarvel.com\/wp-content\/uploads\/2023\/09\/rival-1-1024x1022.png",1024,1022,true],"1536x1536":["https:\/\/centroferreterofarvel.com\/wp-content\/uploads\/2023\/09\/rival-1.png",1264,1262,false],"2048x2048":["https:\/\/centroferreterofarvel.com\/wp-content\/uploads\/2023\/09\/rival-1.png",1264,1262,false],"mailpoet_newsletter_max":["https:\/\/centroferreterofarvel.com\/wp-content\/uploads\/2023\/09\/rival-1.png",1264,1262,false],"woocommerce_thumbnail":["https:\/\/centroferreterofarvel.com\/wp-content\/uploads\/2023\/09\/rival-1-450x450.png",450,450,true],"woocommerce_single":["https:\/\/centroferreterofarvel.com\/wp-content\/uploads\/2023\/09\/rival-1-600x599.png",600,599,true],"woocommerce_gallery_thumbnail":["https:\/\/centroferreterofarvel.com\/wp-content\/uploads\/2023\/09\/rival-1-100x100.png",100,100,true]},"uagb_author_info":{"display_name":"centroferreterofarvel","author_link":"https:\/\/centroferreterofarvel.com\/index.php\/author\/"},"uagb_comment_info":0,"uagb_excerpt":"Tap\u00f3n Hembra Rival: Estanqueidad y Durabilidad en Accesorios de Manguera y Tuber\u00edas.","_links":{"self":[{"href":"https:\/\/centroferreterofarvel.com\/index.php\/wp-json\/wp\/v2\/product\/2742"}],"collection":[{"href":"https:\/\/centroferreterofarvel.com\/index.php\/wp-json\/wp\/v2\/product"}],"about":[{"href":"https:\/\/centroferreterofarvel.com\/index.php\/wp-json\/wp\/v2\/types\/product"}],"replies":[{"embeddable":true,"href":"https:\/\/centroferreterofarvel.com\/index.php\/wp-json\/wp\/v2\/comments?post=2742"}],"version-history":[{"count":4,"href":"https:\/\/centroferreterofarvel.com\/index.php\/wp-json\/wp\/v2\/product\/2742\/revisions"}],"predecessor-version":[{"id":9855,"href":"https:\/\/centroferreterofarvel.com\/index.php\/wp-json\/wp\/v2\/product\/2742\/revisions\/9855"}],"wp:featuredmedia":[{"embeddable":true,"href":"https:\/\/centroferreterofarvel.com\/index.php\/wp-json\/wp\/v2\/media\/3595"}],"wp:attachment":[{"href":"https:\/\/centroferreterofarvel.com\/index.php\/wp-json\/wp\/v2\/media?parent=2742"}],"wp:term":[{"taxonomy":"product_cat","embeddable":true,"href":"https:\/\/centroferreterofarvel.com\/index.php\/wp-json\/wp\/v2\/product_cat?post=2742"},{"taxonomy":"product_tag","embeddable":true,"href":"https:\/\/centroferreterofarvel.com\/index.php\/wp-json\/wp\/v2\/product_tag?post=2742"}],"curies":[{"name":"wp","href":"https:\/\/api.w.org\/{rel}","templated":true}]}}