{"id":2799,"date":"2023-09-18T12:35:34","date_gmt":"2023-09-18T17:35:34","guid":{"rendered":"https:\/\/centroferreterofarvel.com\/?post_type=product&#038;p=2799"},"modified":"2024-05-27T16:03:20","modified_gmt":"2024-05-27T21:03:20","slug":"reduccion-desg","status":"publish","type":"product","link":"https:\/\/centroferreterofarvel.com\/index.php\/producto\/reduccion-desg\/","title":{"rendered":"REDUCCI\u00d3N DESAG\u00dcE RIVAL"},"content":{"rendered":"<p>Descubre la versatilidad que ofrece nuestra Reducci\u00f3n Desag\u00fce en aplicaciones de fontaner\u00eda. Este accesorio es clave para adaptar tuber\u00edas de diferentes di\u00e1metros, proporcionando una soluci\u00f3n eficiente y duradera en sistemas de plomer\u00eda. Asegura una conexi\u00f3n sin complicaciones y optimiza el rendimiento de tus tuber\u00edas con la versatilidad de la Reducci\u00f3n Desag\u00fce.<\/p>\n","protected":false},"excerpt":{"rendered":"<p>Versatilidad en Fontaner\u00eda con la Reducci\u00f3n Desag\u00fce.<\/p>\n","protected":false},"featured_media":3550,"comment_status":"open","ping_status":"closed","template":"","meta":{"_uag_custom_page_level_css":""},"product_cat":[165],"product_tag":[383,324,431,432],"jetpack_sharing_enabled":true,"uagb_featured_image_src":{"full":["https:\/\/centroferreterofarvel.com\/wp-content\/uploads\/2023\/09\/tubo-2.png",1200,1372,false],"thumbnail":["https:\/\/centroferreterofarvel.com\/wp-content\/uploads\/2023\/09\/tubo-2-150x150.png",150,150,true],"medium":["https:\/\/centroferreterofarvel.com\/wp-content\/uploads\/2023\/09\/tubo-2-262x300.png",262,300,true],"medium_large":["https:\/\/centroferreterofarvel.com\/wp-content\/uploads\/2023\/09\/tubo-2-768x878.png",768,878,true],"large":["https:\/\/centroferreterofarvel.com\/wp-content\/uploads\/2023\/09\/tubo-2-896x1024.png",896,1024,true],"1536x1536":["https:\/\/centroferreterofarvel.com\/wp-content\/uploads\/2023\/09\/tubo-2.png",1200,1372,false],"2048x2048":["https:\/\/centroferreterofarvel.com\/wp-content\/uploads\/2023\/09\/tubo-2.png",1200,1372,false],"mailpoet_newsletter_max":["https:\/\/centroferreterofarvel.com\/wp-content\/uploads\/2023\/09\/tubo-2.png",1200,1372,false],"woocommerce_thumbnail":["https:\/\/centroferreterofarvel.com\/wp-content\/uploads\/2023\/09\/tubo-2-450x450.png",450,450,true],"woocommerce_single":["https:\/\/centroferreterofarvel.com\/wp-content\/uploads\/2023\/09\/tubo-2-600x686.png",600,686,true],"woocommerce_gallery_thumbnail":["https:\/\/centroferreterofarvel.com\/wp-content\/uploads\/2023\/09\/tubo-2-100x100.png",100,100,true]},"uagb_author_info":{"display_name":"centroferreterofarvel","author_link":"https:\/\/centroferreterofarvel.com\/index.php\/author\/"},"uagb_comment_info":0,"uagb_excerpt":"Versatilidad en Fontaner\u00eda con la Reducci\u00f3n Desag\u00fce.","_links":{"self":[{"href":"https:\/\/centroferreterofarvel.com\/index.php\/wp-json\/wp\/v2\/product\/2799"}],"collection":[{"href":"https:\/\/centroferreterofarvel.com\/index.php\/wp-json\/wp\/v2\/product"}],"about":[{"href":"https:\/\/centroferreterofarvel.com\/index.php\/wp-json\/wp\/v2\/types\/product"}],"replies":[{"embeddable":true,"href":"https:\/\/centroferreterofarvel.com\/index.php\/wp-json\/wp\/v2\/comments?post=2799"}],"version-history":[{"count":3,"href":"https:\/\/centroferreterofarvel.com\/index.php\/wp-json\/wp\/v2\/product\/2799\/revisions"}],"predecessor-version":[{"id":9556,"href":"https:\/\/centroferreterofarvel.com\/index.php\/wp-json\/wp\/v2\/product\/2799\/revisions\/9556"}],"wp:featuredmedia":[{"embeddable":true,"href":"https:\/\/centroferreterofarvel.com\/index.php\/wp-json\/wp\/v2\/media\/3550"}],"wp:attachment":[{"href":"https:\/\/centroferreterofarvel.com\/index.php\/wp-json\/wp\/v2\/media?parent=2799"}],"wp:term":[{"taxonomy":"product_cat","embeddable":true,"href":"https:\/\/centroferreterofarvel.com\/index.php\/wp-json\/wp\/v2\/product_cat?post=2799"},{"taxonomy":"product_tag","embeddable":true,"href":"https:\/\/centroferreterofarvel.com\/index.php\/wp-json\/wp\/v2\/product_tag?post=2799"}],"curies":[{"name":"wp","href":"https:\/\/api.w.org\/{rel}","templated":true}]}}