{"id":2926,"date":"2023-09-21T09:10:10","date_gmt":"2023-09-21T14:10:10","guid":{"rendered":"https:\/\/centroferreterofarvel.com\/?post_type=product&#038;p=2926"},"modified":"2024-04-09T13:02:34","modified_gmt":"2024-04-09T18:02:34","slug":"sifon-acordeon-lavabo-comando-11-40100661","status":"publish","type":"product","link":"https:\/\/centroferreterofarvel.com\/index.php\/producto\/sifon-acordeon-lavabo-comando-11-40100661\/","title":{"rendered":"SIF\u00d3N ACORDEON LAVABO COMANDO 11\/4"},"content":{"rendered":"<p>Eleva la calidad de tu ba\u00f1o o cocina con el Sif\u00f3n Acorde\u00f3n para Lavabo de Comando en medida 1 1\/4. Ideal para ba\u00f1os y cocinas, este accesorio ofrece eficiencia y est\u00e9tica. Su dise\u00f1o eficiente y compacto lo hace perfecto para ba\u00f1os y cocinas modernas. Descubre la combinaci\u00f3n perfecta de funcionalidad y dise\u00f1o con el Sif\u00f3n Acorde\u00f3n para Lavabo.<\/p>\n","protected":false},"excerpt":{"rendered":"<p>Sif\u00f3n Acorde\u00f3n Lavabo Comando 1 1\/4: Eficiencia y Estilo.<\/p>\n","protected":false},"featured_media":3259,"comment_status":"open","ping_status":"closed","template":"","meta":{"_uag_custom_page_level_css":""},"product_cat":[178],"product_tag":[487,488,389,486,484,483,482,485],"jetpack_sharing_enabled":true,"uagb_featured_image_src":{"full":["https:\/\/centroferreterofarvel.com\/wp-content\/uploads\/2023\/09\/sifon-acordeon.png",1282,1365,false],"thumbnail":["https:\/\/centroferreterofarvel.com\/wp-content\/uploads\/2023\/09\/sifon-acordeon-150x150.png",150,150,true],"medium":["https:\/\/centroferreterofarvel.com\/wp-content\/uploads\/2023\/09\/sifon-acordeon-282x300.png",282,300,true],"medium_large":["https:\/\/centroferreterofarvel.com\/wp-content\/uploads\/2023\/09\/sifon-acordeon-768x818.png",768,818,true],"large":["https:\/\/centroferreterofarvel.com\/wp-content\/uploads\/2023\/09\/sifon-acordeon-962x1024.png",962,1024,true],"1536x1536":["https:\/\/centroferreterofarvel.com\/wp-content\/uploads\/2023\/09\/sifon-acordeon.png",1282,1365,false],"2048x2048":["https:\/\/centroferreterofarvel.com\/wp-content\/uploads\/2023\/09\/sifon-acordeon.png",1282,1365,false],"mailpoet_newsletter_max":["https:\/\/centroferreterofarvel.com\/wp-content\/uploads\/2023\/09\/sifon-acordeon.png",1282,1365,false],"woocommerce_thumbnail":["https:\/\/centroferreterofarvel.com\/wp-content\/uploads\/2023\/09\/sifon-acordeon-450x450.png",450,450,true],"woocommerce_single":["https:\/\/centroferreterofarvel.com\/wp-content\/uploads\/2023\/09\/sifon-acordeon-600x639.png",600,639,true],"woocommerce_gallery_thumbnail":["https:\/\/centroferreterofarvel.com\/wp-content\/uploads\/2023\/09\/sifon-acordeon-100x100.png",100,100,true]},"uagb_author_info":{"display_name":"centroferreterofarvel","author_link":"https:\/\/centroferreterofarvel.com\/index.php\/author\/"},"uagb_comment_info":0,"uagb_excerpt":"Sif\u00f3n Acorde\u00f3n Lavabo Comando 1 1\/4: Eficiencia y Estilo.","_links":{"self":[{"href":"https:\/\/centroferreterofarvel.com\/index.php\/wp-json\/wp\/v2\/product\/2926"}],"collection":[{"href":"https:\/\/centroferreterofarvel.com\/index.php\/wp-json\/wp\/v2\/product"}],"about":[{"href":"https:\/\/centroferreterofarvel.com\/index.php\/wp-json\/wp\/v2\/types\/product"}],"replies":[{"embeddable":true,"href":"https:\/\/centroferreterofarvel.com\/index.php\/wp-json\/wp\/v2\/comments?post=2926"}],"version-history":[{"count":3,"href":"https:\/\/centroferreterofarvel.com\/index.php\/wp-json\/wp\/v2\/product\/2926\/revisions"}],"predecessor-version":[{"id":9859,"href":"https:\/\/centroferreterofarvel.com\/index.php\/wp-json\/wp\/v2\/product\/2926\/revisions\/9859"}],"wp:featuredmedia":[{"embeddable":true,"href":"https:\/\/centroferreterofarvel.com\/index.php\/wp-json\/wp\/v2\/media\/3259"}],"wp:attachment":[{"href":"https:\/\/centroferreterofarvel.com\/index.php\/wp-json\/wp\/v2\/media?parent=2926"}],"wp:term":[{"taxonomy":"product_cat","embeddable":true,"href":"https:\/\/centroferreterofarvel.com\/index.php\/wp-json\/wp\/v2\/product_cat?post=2926"},{"taxonomy":"product_tag","embeddable":true,"href":"https:\/\/centroferreterofarvel.com\/index.php\/wp-json\/wp\/v2\/product_tag?post=2926"}],"curies":[{"name":"wp","href":"https:\/\/api.w.org\/{rel}","templated":true}]}}