{"id":2994,"date":"2023-09-27T10:36:38","date_gmt":"2023-09-27T15:36:38","guid":{"rendered":"https:\/\/centroferreterofarvel.com\/?post_type=product&#038;p=2994"},"modified":"2024-04-09T12:12:57","modified_gmt":"2024-04-09T17:12:57","slug":"valvula-de-gas-domestico","status":"publish","type":"product","link":"https:\/\/centroferreterofarvel.com\/index.php\/producto\/valvula-de-gas-domestico\/","title":{"rendered":"V\u00c1LVULA DE GAS DOM\u00c9STICO KEELGAS AZUL"},"content":{"rendered":"<p>Optimiza el suministro de gas con nuestra V\u00e1lvula de Gas Dom\u00e9stico Azul, proporcionando un control preciso en la industria del gas. Con esta v\u00e1lvula, garantizas un manejo eficiente y seguro, contribuyendo a un funcionamiento sin problemas de bombas de gas y asegurando un suministro confiable en cada aplicaci\u00f3n.<\/p>\n","protected":false},"excerpt":{"rendered":"<p>Control Preciso del Gas: V\u00e1lvula de Gas Dom\u00e9stico Azul para una Gesti\u00f3n Confiable en la Industria del Gas.<\/p>\n","protected":false},"featured_media":3599,"comment_status":"open","ping_status":"closed","template":"","meta":{"_uag_custom_page_level_css":""},"product_cat":[15],"product_tag":[493,490,492,491,489],"jetpack_sharing_enabled":true,"uagb_featured_image_src":{"full":["https:\/\/centroferreterofarvel.com\/wp-content\/uploads\/2023\/09\/valvula-azul.png",960,923,false],"thumbnail":["https:\/\/centroferreterofarvel.com\/wp-content\/uploads\/2023\/09\/valvula-azul-150x150.png",150,150,true],"medium":["https:\/\/centroferreterofarvel.com\/wp-content\/uploads\/2023\/09\/valvula-azul-300x288.png",300,288,true],"medium_large":["https:\/\/centroferreterofarvel.com\/wp-content\/uploads\/2023\/09\/valvula-azul-768x738.png",768,738,true],"large":["https:\/\/centroferreterofarvel.com\/wp-content\/uploads\/2023\/09\/valvula-azul.png",960,923,false],"1536x1536":["https:\/\/centroferreterofarvel.com\/wp-content\/uploads\/2023\/09\/valvula-azul.png",960,923,false],"2048x2048":["https:\/\/centroferreterofarvel.com\/wp-content\/uploads\/2023\/09\/valvula-azul.png",960,923,false],"mailpoet_newsletter_max":["https:\/\/centroferreterofarvel.com\/wp-content\/uploads\/2023\/09\/valvula-azul.png",960,923,false],"woocommerce_thumbnail":["https:\/\/centroferreterofarvel.com\/wp-content\/uploads\/2023\/09\/valvula-azul-450x450.png",450,450,true],"woocommerce_single":["https:\/\/centroferreterofarvel.com\/wp-content\/uploads\/2023\/09\/valvula-azul-600x577.png",600,577,true],"woocommerce_gallery_thumbnail":["https:\/\/centroferreterofarvel.com\/wp-content\/uploads\/2023\/09\/valvula-azul-100x100.png",100,100,true]},"uagb_author_info":{"display_name":"centroferreterofarvel","author_link":"https:\/\/centroferreterofarvel.com\/index.php\/author\/"},"uagb_comment_info":0,"uagb_excerpt":"Control Preciso del Gas: V\u00e1lvula de Gas Dom\u00e9stico Azul para una Gesti\u00f3n Confiable en la Industria del Gas.","_links":{"self":[{"href":"https:\/\/centroferreterofarvel.com\/index.php\/wp-json\/wp\/v2\/product\/2994"}],"collection":[{"href":"https:\/\/centroferreterofarvel.com\/index.php\/wp-json\/wp\/v2\/product"}],"about":[{"href":"https:\/\/centroferreterofarvel.com\/index.php\/wp-json\/wp\/v2\/types\/product"}],"replies":[{"embeddable":true,"href":"https:\/\/centroferreterofarvel.com\/index.php\/wp-json\/wp\/v2\/comments?post=2994"}],"version-history":[{"count":3,"href":"https:\/\/centroferreterofarvel.com\/index.php\/wp-json\/wp\/v2\/product\/2994\/revisions"}],"predecessor-version":[{"id":9426,"href":"https:\/\/centroferreterofarvel.com\/index.php\/wp-json\/wp\/v2\/product\/2994\/revisions\/9426"}],"wp:featuredmedia":[{"embeddable":true,"href":"https:\/\/centroferreterofarvel.com\/index.php\/wp-json\/wp\/v2\/media\/3599"}],"wp:attachment":[{"href":"https:\/\/centroferreterofarvel.com\/index.php\/wp-json\/wp\/v2\/media?parent=2994"}],"wp:term":[{"taxonomy":"product_cat","embeddable":true,"href":"https:\/\/centroferreterofarvel.com\/index.php\/wp-json\/wp\/v2\/product_cat?post=2994"},{"taxonomy":"product_tag","embeddable":true,"href":"https:\/\/centroferreterofarvel.com\/index.php\/wp-json\/wp\/v2\/product_tag?post=2994"}],"curies":[{"name":"wp","href":"https:\/\/api.w.org\/{rel}","templated":true}]}}