{"id":3001,"date":"2023-09-28T12:16:16","date_gmt":"2023-09-28T17:16:16","guid":{"rendered":"https:\/\/centroferreterofarvel.com\/?post_type=product&#038;p=3001"},"modified":"2024-06-14T15:43:04","modified_gmt":"2024-06-14T20:43:04","slug":"bondex-plus-intaco","status":"publish","type":"product","link":"https:\/\/centroferreterofarvel.com\/index.php\/producto\/bondex-plus-intaco\/","title":{"rendered":"BONDEX PLUS 25KG INTACO"},"content":{"rendered":"<p>Avanza en tus proyectos de construcci\u00f3n con Bondex, un l\u00edder en materiales de construcci\u00f3n que se destaca en la aplicaci\u00f3n de porcelanato. Con Bondex, cada obra se transforma en un testimonio de calidad y resistencia, garantizando resultados excepcionales en construcciones de todo tipo.<\/p>\n<p>&nbsp;<\/p>\n","protected":false},"excerpt":{"rendered":"<p>Bondex: La Excelencia en Materiales para Construcci\u00f3n con .Porcelanato<\/p>\n","protected":false},"featured_media":6195,"comment_status":"open","ping_status":"closed","template":"","meta":{"_uag_custom_page_level_css":""},"product_cat":[104],"product_tag":[318,478,481,480],"jetpack_sharing_enabled":true,"uagb_featured_image_src":{"full":["https:\/\/centroferreterofarvel.com\/wp-content\/uploads\/2023\/09\/BONDEX-PLUS-25KG-INTACO.png",1080,1350,false],"thumbnail":["https:\/\/centroferreterofarvel.com\/wp-content\/uploads\/2023\/09\/BONDEX-PLUS-25KG-INTACO-150x150.png",150,150,true],"medium":["https:\/\/centroferreterofarvel.com\/wp-content\/uploads\/2023\/09\/BONDEX-PLUS-25KG-INTACO-240x300.png",240,300,true],"medium_large":["https:\/\/centroferreterofarvel.com\/wp-content\/uploads\/2023\/09\/BONDEX-PLUS-25KG-INTACO-768x960.png",768,960,true],"large":["https:\/\/centroferreterofarvel.com\/wp-content\/uploads\/2023\/09\/BONDEX-PLUS-25KG-INTACO-819x1024.png",819,1024,true],"1536x1536":["https:\/\/centroferreterofarvel.com\/wp-content\/uploads\/2023\/09\/BONDEX-PLUS-25KG-INTACO.png",1080,1350,false],"2048x2048":["https:\/\/centroferreterofarvel.com\/wp-content\/uploads\/2023\/09\/BONDEX-PLUS-25KG-INTACO.png",1080,1350,false],"mailpoet_newsletter_max":["https:\/\/centroferreterofarvel.com\/wp-content\/uploads\/2023\/09\/BONDEX-PLUS-25KG-INTACO.png",1080,1350,false],"woocommerce_thumbnail":["https:\/\/centroferreterofarvel.com\/wp-content\/uploads\/2023\/09\/BONDEX-PLUS-25KG-INTACO-450x450.png",450,450,true],"woocommerce_single":["https:\/\/centroferreterofarvel.com\/wp-content\/uploads\/2023\/09\/BONDEX-PLUS-25KG-INTACO-600x750.png",600,750,true],"woocommerce_gallery_thumbnail":["https:\/\/centroferreterofarvel.com\/wp-content\/uploads\/2023\/09\/BONDEX-PLUS-25KG-INTACO-100x100.png",100,100,true]},"uagb_author_info":{"display_name":"centroferreterofarvel","author_link":"https:\/\/centroferreterofarvel.com\/index.php\/author\/"},"uagb_comment_info":0,"uagb_excerpt":"Bondex: La Excelencia en Materiales para Construcci\u00f3n con .Porcelanato","_links":{"self":[{"href":"https:\/\/centroferreterofarvel.com\/index.php\/wp-json\/wp\/v2\/product\/3001"}],"collection":[{"href":"https:\/\/centroferreterofarvel.com\/index.php\/wp-json\/wp\/v2\/product"}],"about":[{"href":"https:\/\/centroferreterofarvel.com\/index.php\/wp-json\/wp\/v2\/types\/product"}],"replies":[{"embeddable":true,"href":"https:\/\/centroferreterofarvel.com\/index.php\/wp-json\/wp\/v2\/comments?post=3001"}],"version-history":[{"count":1,"href":"https:\/\/centroferreterofarvel.com\/index.php\/wp-json\/wp\/v2\/product\/3001\/revisions"}],"predecessor-version":[{"id":9369,"href":"https:\/\/centroferreterofarvel.com\/index.php\/wp-json\/wp\/v2\/product\/3001\/revisions\/9369"}],"wp:featuredmedia":[{"embeddable":true,"href":"https:\/\/centroferreterofarvel.com\/index.php\/wp-json\/wp\/v2\/media\/6195"}],"wp:attachment":[{"href":"https:\/\/centroferreterofarvel.com\/index.php\/wp-json\/wp\/v2\/media?parent=3001"}],"wp:term":[{"taxonomy":"product_cat","embeddable":true,"href":"https:\/\/centroferreterofarvel.com\/index.php\/wp-json\/wp\/v2\/product_cat?post=3001"},{"taxonomy":"product_tag","embeddable":true,"href":"https:\/\/centroferreterofarvel.com\/index.php\/wp-json\/wp\/v2\/product_tag?post=3001"}],"curies":[{"name":"wp","href":"https:\/\/api.w.org\/{rel}","templated":true}]}}