{"id":3117,"date":"2023-10-04T15:01:07","date_gmt":"2023-10-04T20:01:07","guid":{"rendered":"https:\/\/centroferreterofarvel.com\/?post_type=product&#038;p=3117"},"modified":"2024-04-09T14:52:31","modified_gmt":"2024-04-09T19:52:31","slug":"foco-led-value-a60-9w-pactk3-blitz","status":"publish","type":"product","link":"https:\/\/centroferreterofarvel.com\/index.php\/producto\/foco-led-value-a60-9w-pactk3-blitz\/","title":{"rendered":"FOCO LED VALUE PACTK 3 BLITZ"},"content":{"rendered":"<p>Experimenta la combinaci\u00f3n perfecta de eficiencia y calidez con el Foco LED Value A60 de 9W de Blitz. Este paquete de 3 focos LED con luz calida y luz blanca, no solo ofrece iluminaci\u00f3n eficiente y brillante, sino que tambi\u00e9n proporciona una luz acogedora que transformar\u00e1 tus espacios. Con la avanzada tecnolog\u00eda LED, disfrutar\u00e1s de un bajo consumo energ\u00e9tico y una larga vida \u00fatil, respaldada por la calidad confiable de Blitz.<\/p>\n<p>&nbsp;<\/p>\n","protected":false},"excerpt":{"rendered":"<p>Foco Led Value Pactk 3 Blitz: Eficiencia Y Calidez En Un Paquete Triple.<\/p>\n","protected":false},"featured_media":7295,"comment_status":"open","ping_status":"closed","template":"","meta":{"_uag_custom_page_level_css":""},"product_cat":[24,153],"product_tag":[439,438,437,1715,1714,440,349,403,1716,400,369,401],"jetpack_sharing_enabled":true,"uagb_featured_image_src":{"full":["https:\/\/centroferreterofarvel.com\/wp-content\/uploads\/2023\/10\/FOCO-LED-VALUE-A60-9W-PACTK3-BLITZ.png",1080,1350,false],"thumbnail":["https:\/\/centroferreterofarvel.com\/wp-content\/uploads\/2023\/10\/FOCO-LED-VALUE-A60-9W-PACTK3-BLITZ-150x150.png",150,150,true],"medium":["https:\/\/centroferreterofarvel.com\/wp-content\/uploads\/2023\/10\/FOCO-LED-VALUE-A60-9W-PACTK3-BLITZ-240x300.png",240,300,true],"medium_large":["https:\/\/centroferreterofarvel.com\/wp-content\/uploads\/2023\/10\/FOCO-LED-VALUE-A60-9W-PACTK3-BLITZ-768x960.png",768,960,true],"large":["https:\/\/centroferreterofarvel.com\/wp-content\/uploads\/2023\/10\/FOCO-LED-VALUE-A60-9W-PACTK3-BLITZ-819x1024.png",819,1024,true],"1536x1536":["https:\/\/centroferreterofarvel.com\/wp-content\/uploads\/2023\/10\/FOCO-LED-VALUE-A60-9W-PACTK3-BLITZ.png",1080,1350,false],"2048x2048":["https:\/\/centroferreterofarvel.com\/wp-content\/uploads\/2023\/10\/FOCO-LED-VALUE-A60-9W-PACTK3-BLITZ.png",1080,1350,false],"mailpoet_newsletter_max":["https:\/\/centroferreterofarvel.com\/wp-content\/uploads\/2023\/10\/FOCO-LED-VALUE-A60-9W-PACTK3-BLITZ.png",1080,1350,false],"woocommerce_thumbnail":["https:\/\/centroferreterofarvel.com\/wp-content\/uploads\/2023\/10\/FOCO-LED-VALUE-A60-9W-PACTK3-BLITZ-450x450.png",450,450,true],"woocommerce_single":["https:\/\/centroferreterofarvel.com\/wp-content\/uploads\/2023\/10\/FOCO-LED-VALUE-A60-9W-PACTK3-BLITZ-600x750.png",600,750,true],"woocommerce_gallery_thumbnail":["https:\/\/centroferreterofarvel.com\/wp-content\/uploads\/2023\/10\/FOCO-LED-VALUE-A60-9W-PACTK3-BLITZ-100x100.png",100,100,true]},"uagb_author_info":{"display_name":"centroferreterofarvel","author_link":"https:\/\/centroferreterofarvel.com\/index.php\/author\/"},"uagb_comment_info":0,"uagb_excerpt":"Foco Led Value Pactk 3 Blitz: Eficiencia Y Calidez En Un Paquete Triple.","_links":{"self":[{"href":"https:\/\/centroferreterofarvel.com\/index.php\/wp-json\/wp\/v2\/product\/3117"}],"collection":[{"href":"https:\/\/centroferreterofarvel.com\/index.php\/wp-json\/wp\/v2\/product"}],"about":[{"href":"https:\/\/centroferreterofarvel.com\/index.php\/wp-json\/wp\/v2\/types\/product"}],"replies":[{"embeddable":true,"href":"https:\/\/centroferreterofarvel.com\/index.php\/wp-json\/wp\/v2\/comments?post=3117"}],"version-history":[{"count":3,"href":"https:\/\/centroferreterofarvel.com\/index.php\/wp-json\/wp\/v2\/product\/3117\/revisions"}],"predecessor-version":[{"id":9832,"href":"https:\/\/centroferreterofarvel.com\/index.php\/wp-json\/wp\/v2\/product\/3117\/revisions\/9832"}],"wp:featuredmedia":[{"embeddable":true,"href":"https:\/\/centroferreterofarvel.com\/index.php\/wp-json\/wp\/v2\/media\/7295"}],"wp:attachment":[{"href":"https:\/\/centroferreterofarvel.com\/index.php\/wp-json\/wp\/v2\/media?parent=3117"}],"wp:term":[{"taxonomy":"product_cat","embeddable":true,"href":"https:\/\/centroferreterofarvel.com\/index.php\/wp-json\/wp\/v2\/product_cat?post=3117"},{"taxonomy":"product_tag","embeddable":true,"href":"https:\/\/centroferreterofarvel.com\/index.php\/wp-json\/wp\/v2\/product_tag?post=3117"}],"curies":[{"name":"wp","href":"https:\/\/api.w.org\/{rel}","templated":true}]}}