{"id":3181,"date":"2023-10-04T14:40:52","date_gmt":"2023-10-04T19:40:52","guid":{"rendered":"https:\/\/centroferreterofarvel.com\/?post_type=product&#038;p=3181"},"modified":"2024-05-31T14:31:44","modified_gmt":"2024-05-31T19:31:44","slug":"foco-led-ecoled","status":"publish","type":"product","link":"https:\/\/centroferreterofarvel.com\/index.php\/producto\/foco-led-ecoled\/","title":{"rendered":"FOCO LED ECOLED"},"content":{"rendered":"<p>Descubre la eficiencia y sostenibilidad con el Foco LED ECOLED. Este foco LED ofrece una iluminaci\u00f3n brillante y duradera, representando una opci\u00f3n amigable con el medio ambiente y eficiente en consumo energ\u00e9tico. Disfruta de una iluminaci\u00f3n LED brillante y de calidad que garantiza un ambiente bien iluminado.<\/p>\n<p>&nbsp;<\/p>\n","protected":false},"excerpt":{"rendered":"<p>Foco LED ECOLED: Iluminaci\u00f3n Eficiente y Sostenible.<\/p>\n","protected":false},"featured_media":7286,"comment_status":"open","ping_status":"closed","template":"","meta":{"_uag_custom_page_level_css":""},"product_cat":[152,24],"product_tag":[439,438,437,349,359,360,403,400,369,401],"jetpack_sharing_enabled":true,"uagb_featured_image_src":{"full":["https:\/\/centroferreterofarvel.com\/wp-content\/uploads\/2023\/10\/FOCO-LED-20W-ECOLED.png",1080,1350,false],"thumbnail":["https:\/\/centroferreterofarvel.com\/wp-content\/uploads\/2023\/10\/FOCO-LED-20W-ECOLED-150x150.png",150,150,true],"medium":["https:\/\/centroferreterofarvel.com\/wp-content\/uploads\/2023\/10\/FOCO-LED-20W-ECOLED-240x300.png",240,300,true],"medium_large":["https:\/\/centroferreterofarvel.com\/wp-content\/uploads\/2023\/10\/FOCO-LED-20W-ECOLED-768x960.png",768,960,true],"large":["https:\/\/centroferreterofarvel.com\/wp-content\/uploads\/2023\/10\/FOCO-LED-20W-ECOLED-819x1024.png",819,1024,true],"1536x1536":["https:\/\/centroferreterofarvel.com\/wp-content\/uploads\/2023\/10\/FOCO-LED-20W-ECOLED.png",1080,1350,false],"2048x2048":["https:\/\/centroferreterofarvel.com\/wp-content\/uploads\/2023\/10\/FOCO-LED-20W-ECOLED.png",1080,1350,false],"mailpoet_newsletter_max":["https:\/\/centroferreterofarvel.com\/wp-content\/uploads\/2023\/10\/FOCO-LED-20W-ECOLED.png",1080,1350,false],"woocommerce_thumbnail":["https:\/\/centroferreterofarvel.com\/wp-content\/uploads\/2023\/10\/FOCO-LED-20W-ECOLED-450x450.png",450,450,true],"woocommerce_single":["https:\/\/centroferreterofarvel.com\/wp-content\/uploads\/2023\/10\/FOCO-LED-20W-ECOLED-600x750.png",600,750,true],"woocommerce_gallery_thumbnail":["https:\/\/centroferreterofarvel.com\/wp-content\/uploads\/2023\/10\/FOCO-LED-20W-ECOLED-100x100.png",100,100,true]},"uagb_author_info":{"display_name":"centroferreterofarvel","author_link":"https:\/\/centroferreterofarvel.com\/index.php\/author\/"},"uagb_comment_info":0,"uagb_excerpt":"Foco LED ECOLED: Iluminaci\u00f3n Eficiente y Sostenible.","_links":{"self":[{"href":"https:\/\/centroferreterofarvel.com\/index.php\/wp-json\/wp\/v2\/product\/3181"}],"collection":[{"href":"https:\/\/centroferreterofarvel.com\/index.php\/wp-json\/wp\/v2\/product"}],"about":[{"href":"https:\/\/centroferreterofarvel.com\/index.php\/wp-json\/wp\/v2\/types\/product"}],"replies":[{"embeddable":true,"href":"https:\/\/centroferreterofarvel.com\/index.php\/wp-json\/wp\/v2\/comments?post=3181"}],"version-history":[{"count":2,"href":"https:\/\/centroferreterofarvel.com\/index.php\/wp-json\/wp\/v2\/product\/3181\/revisions"}],"predecessor-version":[{"id":10887,"href":"https:\/\/centroferreterofarvel.com\/index.php\/wp-json\/wp\/v2\/product\/3181\/revisions\/10887"}],"wp:featuredmedia":[{"embeddable":true,"href":"https:\/\/centroferreterofarvel.com\/index.php\/wp-json\/wp\/v2\/media\/7286"}],"wp:attachment":[{"href":"https:\/\/centroferreterofarvel.com\/index.php\/wp-json\/wp\/v2\/media?parent=3181"}],"wp:term":[{"taxonomy":"product_cat","embeddable":true,"href":"https:\/\/centroferreterofarvel.com\/index.php\/wp-json\/wp\/v2\/product_cat?post=3181"},{"taxonomy":"product_tag","embeddable":true,"href":"https:\/\/centroferreterofarvel.com\/index.php\/wp-json\/wp\/v2\/product_tag?post=3181"}],"curies":[{"name":"wp","href":"https:\/\/api.w.org\/{rel}","templated":true}]}}