{"id":3238,"date":"2023-10-05T11:37:39","date_gmt":"2023-10-05T16:37:39","guid":{"rendered":"https:\/\/centroferreterofarvel.com\/?post_type=product&#038;p=3238"},"modified":"2024-04-09T14:45:57","modified_gmt":"2024-04-09T19:45:57","slug":"foco-led-alta-potencia-sylvania","status":"publish","type":"product","link":"https:\/\/centroferreterofarvel.com\/index.php\/producto\/foco-led-alta-potencia-sylvania\/","title":{"rendered":"FOCO LED ALTA POTENCIA SILVANIA"},"content":{"rendered":"<p>Descubre la potencia luminosa con el Foco LED de Alta Potencia Silvania. Dise\u00f1ado para ofrecer una iluminaci\u00f3n brillante y eficiente, este foco LED es ideal para espacios que requieren una luz intensa y de calidad. Ahorra energ\u00eda y disfruta de una iluminaci\u00f3n duradera. Opta por la eficiencia y la durabilidad con estos focos de alta calidad.<\/p>\n","protected":false},"excerpt":{"rendered":"<p>Foco LED de Alta Potencia Silvania: Iluminaci\u00f3n Brillante y Eficiente.<\/p>\n<p>&nbsp;<\/p>\n","protected":false},"featured_media":7283,"comment_status":"open","ping_status":"closed","template":"","meta":{"_uag_custom_page_level_css":""},"product_cat":[152,24],"product_tag":[416,412,417,415,413,418,349,403,414,369],"jetpack_sharing_enabled":true,"uagb_featured_image_src":{"full":["https:\/\/centroferreterofarvel.com\/wp-content\/uploads\/2023\/10\/FOCO-LED-ALTA-POTENCIA-20W.png",1080,1350,false],"thumbnail":["https:\/\/centroferreterofarvel.com\/wp-content\/uploads\/2023\/10\/FOCO-LED-ALTA-POTENCIA-20W-150x150.png",150,150,true],"medium":["https:\/\/centroferreterofarvel.com\/wp-content\/uploads\/2023\/10\/FOCO-LED-ALTA-POTENCIA-20W-240x300.png",240,300,true],"medium_large":["https:\/\/centroferreterofarvel.com\/wp-content\/uploads\/2023\/10\/FOCO-LED-ALTA-POTENCIA-20W-768x960.png",768,960,true],"large":["https:\/\/centroferreterofarvel.com\/wp-content\/uploads\/2023\/10\/FOCO-LED-ALTA-POTENCIA-20W-819x1024.png",819,1024,true],"1536x1536":["https:\/\/centroferreterofarvel.com\/wp-content\/uploads\/2023\/10\/FOCO-LED-ALTA-POTENCIA-20W.png",1080,1350,false],"2048x2048":["https:\/\/centroferreterofarvel.com\/wp-content\/uploads\/2023\/10\/FOCO-LED-ALTA-POTENCIA-20W.png",1080,1350,false],"mailpoet_newsletter_max":["https:\/\/centroferreterofarvel.com\/wp-content\/uploads\/2023\/10\/FOCO-LED-ALTA-POTENCIA-20W.png",1080,1350,false],"woocommerce_thumbnail":["https:\/\/centroferreterofarvel.com\/wp-content\/uploads\/2023\/10\/FOCO-LED-ALTA-POTENCIA-20W-450x450.png",450,450,true],"woocommerce_single":["https:\/\/centroferreterofarvel.com\/wp-content\/uploads\/2023\/10\/FOCO-LED-ALTA-POTENCIA-20W-600x750.png",600,750,true],"woocommerce_gallery_thumbnail":["https:\/\/centroferreterofarvel.com\/wp-content\/uploads\/2023\/10\/FOCO-LED-ALTA-POTENCIA-20W-100x100.png",100,100,true]},"uagb_author_info":{"display_name":"centroferreterofarvel","author_link":"https:\/\/centroferreterofarvel.com\/index.php\/author\/"},"uagb_comment_info":0,"uagb_excerpt":"Foco LED de Alta Potencia Silvania: Iluminaci\u00f3n Brillante y Eficiente. &nbsp;","_links":{"self":[{"href":"https:\/\/centroferreterofarvel.com\/index.php\/wp-json\/wp\/v2\/product\/3238"}],"collection":[{"href":"https:\/\/centroferreterofarvel.com\/index.php\/wp-json\/wp\/v2\/product"}],"about":[{"href":"https:\/\/centroferreterofarvel.com\/index.php\/wp-json\/wp\/v2\/types\/product"}],"replies":[{"embeddable":true,"href":"https:\/\/centroferreterofarvel.com\/index.php\/wp-json\/wp\/v2\/comments?post=3238"}],"version-history":[{"count":5,"href":"https:\/\/centroferreterofarvel.com\/index.php\/wp-json\/wp\/v2\/product\/3238\/revisions"}],"predecessor-version":[{"id":9830,"href":"https:\/\/centroferreterofarvel.com\/index.php\/wp-json\/wp\/v2\/product\/3238\/revisions\/9830"}],"wp:featuredmedia":[{"embeddable":true,"href":"https:\/\/centroferreterofarvel.com\/index.php\/wp-json\/wp\/v2\/media\/7283"}],"wp:attachment":[{"href":"https:\/\/centroferreterofarvel.com\/index.php\/wp-json\/wp\/v2\/media?parent=3238"}],"wp:term":[{"taxonomy":"product_cat","embeddable":true,"href":"https:\/\/centroferreterofarvel.com\/index.php\/wp-json\/wp\/v2\/product_cat?post=3238"},{"taxonomy":"product_tag","embeddable":true,"href":"https:\/\/centroferreterofarvel.com\/index.php\/wp-json\/wp\/v2\/product_tag?post=3238"}],"curies":[{"name":"wp","href":"https:\/\/api.w.org\/{rel}","templated":true}]}}