{"id":3523,"date":"2023-10-24T12:54:56","date_gmt":"2023-10-24T17:54:56","guid":{"rendered":"https:\/\/centroferreterofarvel.com\/?post_type=product&#038;p=3523"},"modified":"2024-04-09T15:28:41","modified_gmt":"2024-04-09T20:28:41","slug":"boquilla-t-anuncio-0100069","status":"publish","type":"product","link":"https:\/\/centroferreterofarvel.com\/index.php\/producto\/boquilla-t-anuncio-0100069\/","title":{"rendered":"BOQUILLA T VOLTECK"},"content":{"rendered":"<p>Transforma tu iluminaci\u00f3n con la Boquilla T Volteck, estas boquillas garantizan una conexi\u00f3n estable y segura, ofreciendo una soluci\u00f3n de calidad a un precio econ\u00f3mico. Haz que tus proyectos de iluminaci\u00f3n sean eficientes sin comprometer la durabilidad y el rendimiento.<\/p>\n<p>Di\u00e1metro 2 \u00bc &#8211; 57 mm<\/p>\n","protected":false},"excerpt":{"rendered":"<p>Boquilla T Volteck: Calidad y Econom\u00eda en una Boquilla.<\/p>\n","protected":false},"featured_media":6064,"comment_status":"open","ping_status":"closed","template":"","meta":{"_uag_custom_page_level_css":""},"product_cat":[151,24],"product_tag":[61,64,63,62],"jetpack_sharing_enabled":true,"uagb_featured_image_src":{"full":["https:\/\/centroferreterofarvel.com\/wp-content\/uploads\/2023\/10\/BOQUILLA-TANUNCIO.png",1080,1350,false],"thumbnail":["https:\/\/centroferreterofarvel.com\/wp-content\/uploads\/2023\/10\/BOQUILLA-TANUNCIO-150x150.png",150,150,true],"medium":["https:\/\/centroferreterofarvel.com\/wp-content\/uploads\/2023\/10\/BOQUILLA-TANUNCIO-240x300.png",240,300,true],"medium_large":["https:\/\/centroferreterofarvel.com\/wp-content\/uploads\/2023\/10\/BOQUILLA-TANUNCIO-768x960.png",768,960,true],"large":["https:\/\/centroferreterofarvel.com\/wp-content\/uploads\/2023\/10\/BOQUILLA-TANUNCIO-819x1024.png",819,1024,true],"1536x1536":["https:\/\/centroferreterofarvel.com\/wp-content\/uploads\/2023\/10\/BOQUILLA-TANUNCIO.png",1080,1350,false],"2048x2048":["https:\/\/centroferreterofarvel.com\/wp-content\/uploads\/2023\/10\/BOQUILLA-TANUNCIO.png",1080,1350,false],"mailpoet_newsletter_max":["https:\/\/centroferreterofarvel.com\/wp-content\/uploads\/2023\/10\/BOQUILLA-TANUNCIO.png",1080,1350,false],"woocommerce_thumbnail":["https:\/\/centroferreterofarvel.com\/wp-content\/uploads\/2023\/10\/BOQUILLA-TANUNCIO-450x450.png",450,450,true],"woocommerce_single":["https:\/\/centroferreterofarvel.com\/wp-content\/uploads\/2023\/10\/BOQUILLA-TANUNCIO-600x750.png",600,750,true],"woocommerce_gallery_thumbnail":["https:\/\/centroferreterofarvel.com\/wp-content\/uploads\/2023\/10\/BOQUILLA-TANUNCIO-100x100.png",100,100,true]},"uagb_author_info":{"display_name":"centroferreterofarvel","author_link":"https:\/\/centroferreterofarvel.com\/index.php\/author\/"},"uagb_comment_info":0,"uagb_excerpt":"Boquilla T Volteck: Calidad y Econom\u00eda en una Boquilla.","_links":{"self":[{"href":"https:\/\/centroferreterofarvel.com\/index.php\/wp-json\/wp\/v2\/product\/3523"}],"collection":[{"href":"https:\/\/centroferreterofarvel.com\/index.php\/wp-json\/wp\/v2\/product"}],"about":[{"href":"https:\/\/centroferreterofarvel.com\/index.php\/wp-json\/wp\/v2\/types\/product"}],"replies":[{"embeddable":true,"href":"https:\/\/centroferreterofarvel.com\/index.php\/wp-json\/wp\/v2\/comments?post=3523"}],"version-history":[{"count":2,"href":"https:\/\/centroferreterofarvel.com\/index.php\/wp-json\/wp\/v2\/product\/3523\/revisions"}],"predecessor-version":[{"id":10116,"href":"https:\/\/centroferreterofarvel.com\/index.php\/wp-json\/wp\/v2\/product\/3523\/revisions\/10116"}],"wp:featuredmedia":[{"embeddable":true,"href":"https:\/\/centroferreterofarvel.com\/index.php\/wp-json\/wp\/v2\/media\/6064"}],"wp:attachment":[{"href":"https:\/\/centroferreterofarvel.com\/index.php\/wp-json\/wp\/v2\/media?parent=3523"}],"wp:term":[{"taxonomy":"product_cat","embeddable":true,"href":"https:\/\/centroferreterofarvel.com\/index.php\/wp-json\/wp\/v2\/product_cat?post=3523"},{"taxonomy":"product_tag","embeddable":true,"href":"https:\/\/centroferreterofarvel.com\/index.php\/wp-json\/wp\/v2\/product_tag?post=3523"}],"curies":[{"name":"wp","href":"https:\/\/api.w.org\/{rel}","templated":true}]}}