{"id":6169,"date":"2024-02-06T12:03:59","date_gmt":"2024-02-06T17:03:59","guid":{"rendered":"https:\/\/centroferreterofarvel.com\/?post_type=product&#038;p=6169"},"modified":"2024-04-10T17:00:20","modified_gmt":"2024-04-10T22:00:20","slug":"amarra-plastica-48mm-x300mm-blanca-evlite","status":"publish","type":"product","link":"https:\/\/centroferreterofarvel.com\/index.php\/producto\/amarra-plastica-48mm-x300mm-blanca-evlite\/","title":{"rendered":"AMARRA PL\u00c1STICA EVLITE"},"content":{"rendered":"<p>Con las amarras pl\u00e1sticas EVLITE, obt\u00e9n una soluci\u00f3n completa para tus necesidades de sujeci\u00f3n. Disponibles en diversas medidas y colores, estas amarras se adaptan a cualquier proyecto, desde la organizaci\u00f3n de cables hasta la sujeci\u00f3n de objetos diversos. Descubre la calidad y versatilidad de las amarras pl\u00e1sticas EVLITE, tu aliado confiable en cualquier tarea.<\/p>\n<p>Medida: 4,8MM X 300MM<\/p>\n","protected":false},"excerpt":{"rendered":"<p>Variedad de Medidas y Colores: Amarras Pl\u00e1sticas para Todas tus Necesidades.<\/p>\n","protected":false},"featured_media":6170,"comment_status":"open","ping_status":"closed","template":"","meta":{"_uag_custom_page_level_css":""},"product_cat":[106,33],"product_tag":[649,644,645,648,650,646,647],"jetpack_sharing_enabled":true,"uagb_featured_image_src":{"full":["https:\/\/centroferreterofarvel.com\/wp-content\/uploads\/2024\/02\/AMARRA-PLASTICA-48MM-X300MM-BLANCA-EVLITE.png",1080,1350,false],"thumbnail":["https:\/\/centroferreterofarvel.com\/wp-content\/uploads\/2024\/02\/AMARRA-PLASTICA-48MM-X300MM-BLANCA-EVLITE-150x150.png",150,150,true],"medium":["https:\/\/centroferreterofarvel.com\/wp-content\/uploads\/2024\/02\/AMARRA-PLASTICA-48MM-X300MM-BLANCA-EVLITE-240x300.png",240,300,true],"medium_large":["https:\/\/centroferreterofarvel.com\/wp-content\/uploads\/2024\/02\/AMARRA-PLASTICA-48MM-X300MM-BLANCA-EVLITE-768x960.png",768,960,true],"large":["https:\/\/centroferreterofarvel.com\/wp-content\/uploads\/2024\/02\/AMARRA-PLASTICA-48MM-X300MM-BLANCA-EVLITE-819x1024.png",819,1024,true],"1536x1536":["https:\/\/centroferreterofarvel.com\/wp-content\/uploads\/2024\/02\/AMARRA-PLASTICA-48MM-X300MM-BLANCA-EVLITE.png",1080,1350,false],"2048x2048":["https:\/\/centroferreterofarvel.com\/wp-content\/uploads\/2024\/02\/AMARRA-PLASTICA-48MM-X300MM-BLANCA-EVLITE.png",1080,1350,false],"mailpoet_newsletter_max":["https:\/\/centroferreterofarvel.com\/wp-content\/uploads\/2024\/02\/AMARRA-PLASTICA-48MM-X300MM-BLANCA-EVLITE.png",1080,1350,false],"woocommerce_thumbnail":["https:\/\/centroferreterofarvel.com\/wp-content\/uploads\/2024\/02\/AMARRA-PLASTICA-48MM-X300MM-BLANCA-EVLITE-450x450.png",450,450,true],"woocommerce_single":["https:\/\/centroferreterofarvel.com\/wp-content\/uploads\/2024\/02\/AMARRA-PLASTICA-48MM-X300MM-BLANCA-EVLITE-600x750.png",600,750,true],"woocommerce_gallery_thumbnail":["https:\/\/centroferreterofarvel.com\/wp-content\/uploads\/2024\/02\/AMARRA-PLASTICA-48MM-X300MM-BLANCA-EVLITE-100x100.png",100,100,true]},"uagb_author_info":{"display_name":"centroferreterofarvel","author_link":"https:\/\/centroferreterofarvel.com\/index.php\/author\/"},"uagb_comment_info":0,"uagb_excerpt":"Variedad de Medidas y Colores: Amarras Pl\u00e1sticas para Todas tus Necesidades.","_links":{"self":[{"href":"https:\/\/centroferreterofarvel.com\/index.php\/wp-json\/wp\/v2\/product\/6169"}],"collection":[{"href":"https:\/\/centroferreterofarvel.com\/index.php\/wp-json\/wp\/v2\/product"}],"about":[{"href":"https:\/\/centroferreterofarvel.com\/index.php\/wp-json\/wp\/v2\/types\/product"}],"replies":[{"embeddable":true,"href":"https:\/\/centroferreterofarvel.com\/index.php\/wp-json\/wp\/v2\/comments?post=6169"}],"version-history":[{"count":3,"href":"https:\/\/centroferreterofarvel.com\/index.php\/wp-json\/wp\/v2\/product\/6169\/revisions"}],"predecessor-version":[{"id":9825,"href":"https:\/\/centroferreterofarvel.com\/index.php\/wp-json\/wp\/v2\/product\/6169\/revisions\/9825"}],"wp:featuredmedia":[{"embeddable":true,"href":"https:\/\/centroferreterofarvel.com\/index.php\/wp-json\/wp\/v2\/media\/6170"}],"wp:attachment":[{"href":"https:\/\/centroferreterofarvel.com\/index.php\/wp-json\/wp\/v2\/media?parent=6169"}],"wp:term":[{"taxonomy":"product_cat","embeddable":true,"href":"https:\/\/centroferreterofarvel.com\/index.php\/wp-json\/wp\/v2\/product_cat?post=6169"},{"taxonomy":"product_tag","embeddable":true,"href":"https:\/\/centroferreterofarvel.com\/index.php\/wp-json\/wp\/v2\/product_tag?post=6169"}],"curies":[{"name":"wp","href":"https:\/\/api.w.org\/{rel}","templated":true}]}}