{"id":6765,"date":"2024-02-16T14:14:36","date_gmt":"2024-02-16T19:14:36","guid":{"rendered":"https:\/\/centroferreterofarvel.com\/?post_type=product&#038;p=6765"},"modified":"2024-09-11T17:19:32","modified_gmt":"2024-09-11T22:19:32","slug":"cerradura-72mm-beige-kwikset","status":"publish","type":"product","link":"https:\/\/centroferreterofarvel.com\/index.php\/producto\/cerradura-72mm-beige-kwikset\/","title":{"rendered":"CERRADURA 72MM BEIGE KWIKSET"},"content":{"rendered":"<p>Descubre la excelencia en seguridad y estilo con nuestras cerraduras Kwikset de 72mm en color beige. Dise\u00f1adas para adaptarse a diversos entornos, desde construcciones residenciales hasta complejas instalaciones industriales, nuestras cerraduras son la elecci\u00f3n ideal para tus necesidades de cerrajer\u00eda. Nuestras cerraduras son vers\u00e1tiles y adecuadas para una variedad de entornos, incluyendo construcci\u00f3n, industria y f\u00e1bricas. Conf\u00eda en una marca reconocida por su durabilidad y rendimiento excepcional.<\/p>\n","protected":false},"excerpt":{"rendered":"<p>Cerradura Kwikset de 72mm en Color Beige: Seguridad y Estilo para tus Puertas.<\/p>\n","protected":false},"featured_media":6766,"comment_status":"open","ping_status":"closed","template":"","meta":{"_uag_custom_page_level_css":""},"product_cat":[15,123],"product_tag":[822,848,849,850,318,323,319,847],"jetpack_sharing_enabled":true,"uagb_featured_image_src":{"full":["https:\/\/centroferreterofarvel.com\/wp-content\/uploads\/2024\/02\/CERRADURA-72MM-BEIGE-KWIKSET.png",1417,1890,false],"thumbnail":["https:\/\/centroferreterofarvel.com\/wp-content\/uploads\/2024\/02\/CERRADURA-72MM-BEIGE-KWIKSET-150x150.png",150,150,true],"medium":["https:\/\/centroferreterofarvel.com\/wp-content\/uploads\/2024\/02\/CERRADURA-72MM-BEIGE-KWIKSET-225x300.png",225,300,true],"medium_large":["https:\/\/centroferreterofarvel.com\/wp-content\/uploads\/2024\/02\/CERRADURA-72MM-BEIGE-KWIKSET-768x1024.png",768,1024,true],"large":["https:\/\/centroferreterofarvel.com\/wp-content\/uploads\/2024\/02\/CERRADURA-72MM-BEIGE-KWIKSET-768x1024.png",768,1024,true],"1536x1536":["https:\/\/centroferreterofarvel.com\/wp-content\/uploads\/2024\/02\/CERRADURA-72MM-BEIGE-KWIKSET-1152x1536.png",1152,1536,true],"2048x2048":["https:\/\/centroferreterofarvel.com\/wp-content\/uploads\/2024\/02\/CERRADURA-72MM-BEIGE-KWIKSET.png",1417,1890,false],"mailpoet_newsletter_max":["https:\/\/centroferreterofarvel.com\/wp-content\/uploads\/2024\/02\/CERRADURA-72MM-BEIGE-KWIKSET-1320x1761.png",1320,1761,true],"woocommerce_thumbnail":["https:\/\/centroferreterofarvel.com\/wp-content\/uploads\/2024\/02\/CERRADURA-72MM-BEIGE-KWIKSET-450x450.png",450,450,true],"woocommerce_single":["https:\/\/centroferreterofarvel.com\/wp-content\/uploads\/2024\/02\/CERRADURA-72MM-BEIGE-KWIKSET-600x800.png",600,800,true],"woocommerce_gallery_thumbnail":["https:\/\/centroferreterofarvel.com\/wp-content\/uploads\/2024\/02\/CERRADURA-72MM-BEIGE-KWIKSET-100x100.png",100,100,true]},"uagb_author_info":{"display_name":"centroferreterofarvel","author_link":"https:\/\/centroferreterofarvel.com\/index.php\/author\/"},"uagb_comment_info":0,"uagb_excerpt":"Cerradura Kwikset de 72mm en Color Beige: Seguridad y Estilo para tus Puertas.","_links":{"self":[{"href":"https:\/\/centroferreterofarvel.com\/index.php\/wp-json\/wp\/v2\/product\/6765"}],"collection":[{"href":"https:\/\/centroferreterofarvel.com\/index.php\/wp-json\/wp\/v2\/product"}],"about":[{"href":"https:\/\/centroferreterofarvel.com\/index.php\/wp-json\/wp\/v2\/types\/product"}],"replies":[{"embeddable":true,"href":"https:\/\/centroferreterofarvel.com\/index.php\/wp-json\/wp\/v2\/comments?post=6765"}],"version-history":[{"count":3,"href":"https:\/\/centroferreterofarvel.com\/index.php\/wp-json\/wp\/v2\/product\/6765\/revisions"}],"predecessor-version":[{"id":6916,"href":"https:\/\/centroferreterofarvel.com\/index.php\/wp-json\/wp\/v2\/product\/6765\/revisions\/6916"}],"wp:featuredmedia":[{"embeddable":true,"href":"https:\/\/centroferreterofarvel.com\/index.php\/wp-json\/wp\/v2\/media\/6766"}],"wp:attachment":[{"href":"https:\/\/centroferreterofarvel.com\/index.php\/wp-json\/wp\/v2\/media?parent=6765"}],"wp:term":[{"taxonomy":"product_cat","embeddable":true,"href":"https:\/\/centroferreterofarvel.com\/index.php\/wp-json\/wp\/v2\/product_cat?post=6765"},{"taxonomy":"product_tag","embeddable":true,"href":"https:\/\/centroferreterofarvel.com\/index.php\/wp-json\/wp\/v2\/product_tag?post=6765"}],"curies":[{"name":"wp","href":"https:\/\/api.w.org\/{rel}","templated":true}]}}