{"id":6787,"date":"2024-02-16T14:49:53","date_gmt":"2024-02-16T19:49:53","guid":{"rendered":"https:\/\/centroferreterofarvel.com\/?post_type=product&#038;p=6787"},"modified":"2024-04-10T23:06:04","modified_gmt":"2024-04-11T04:06:04","slug":"cinta-masking-automotriz-3-4-abro","status":"publish","type":"product","link":"https:\/\/centroferreterofarvel.com\/index.php\/producto\/cinta-masking-automotriz-3-4-abro\/","title":{"rendered":"CINTA MASKING AUTOMOTRIZ 3\/4 ABRO"},"content":{"rendered":"<p>La cinta masking automotriz ABRO de 3\/4 pulgadas es la elecci\u00f3n ideal para tus proyectos de pintura automotriz. Dise\u00f1ada para ofrecer precisi\u00f3n y protecci\u00f3n, esta cinta asegura bordes limpios y definidos, evitando el desborde de pintura y protegiendo las \u00e1reas que no deseas pintar. Con su adhesivo de alta calidad, se adhiere firmemente a diversas superficies y se retira f\u00e1cilmente sin dejar residuos. Conf\u00eda en la cinta masking ABRO para obtener resultados profesionales en tu mantenimiento vehicular.<\/p>\n","protected":false},"excerpt":{"rendered":"<p>Cinta Masking Automotriz 3\/4 ABRO: Precisi\u00f3n y Protecci\u00f3n en tu Trabajo de Pintura.<\/p>\n","protected":false},"featured_media":6788,"comment_status":"open","ping_status":"closed","template":"","meta":{"_uag_custom_page_level_css":""},"product_cat":[158,35],"product_tag":[1690,852,866,1691,1692],"jetpack_sharing_enabled":true,"uagb_featured_image_src":{"full":["https:\/\/centroferreterofarvel.com\/wp-content\/uploads\/2024\/02\/CINTA-MASKING-AUTOMOTRIZ-34-ABRO.png",1417,1890,false],"thumbnail":["https:\/\/centroferreterofarvel.com\/wp-content\/uploads\/2024\/02\/CINTA-MASKING-AUTOMOTRIZ-34-ABRO-150x150.png",150,150,true],"medium":["https:\/\/centroferreterofarvel.com\/wp-content\/uploads\/2024\/02\/CINTA-MASKING-AUTOMOTRIZ-34-ABRO-225x300.png",225,300,true],"medium_large":["https:\/\/centroferreterofarvel.com\/wp-content\/uploads\/2024\/02\/CINTA-MASKING-AUTOMOTRIZ-34-ABRO-768x1024.png",768,1024,true],"large":["https:\/\/centroferreterofarvel.com\/wp-content\/uploads\/2024\/02\/CINTA-MASKING-AUTOMOTRIZ-34-ABRO-768x1024.png",768,1024,true],"1536x1536":["https:\/\/centroferreterofarvel.com\/wp-content\/uploads\/2024\/02\/CINTA-MASKING-AUTOMOTRIZ-34-ABRO-1152x1536.png",1152,1536,true],"2048x2048":["https:\/\/centroferreterofarvel.com\/wp-content\/uploads\/2024\/02\/CINTA-MASKING-AUTOMOTRIZ-34-ABRO.png",1417,1890,false],"mailpoet_newsletter_max":["https:\/\/centroferreterofarvel.com\/wp-content\/uploads\/2024\/02\/CINTA-MASKING-AUTOMOTRIZ-34-ABRO-1320x1761.png",1320,1761,true],"woocommerce_thumbnail":["https:\/\/centroferreterofarvel.com\/wp-content\/uploads\/2024\/02\/CINTA-MASKING-AUTOMOTRIZ-34-ABRO-450x450.png",450,450,true],"woocommerce_single":["https:\/\/centroferreterofarvel.com\/wp-content\/uploads\/2024\/02\/CINTA-MASKING-AUTOMOTRIZ-34-ABRO-600x800.png",600,800,true],"woocommerce_gallery_thumbnail":["https:\/\/centroferreterofarvel.com\/wp-content\/uploads\/2024\/02\/CINTA-MASKING-AUTOMOTRIZ-34-ABRO-100x100.png",100,100,true]},"uagb_author_info":{"display_name":"centroferreterofarvel","author_link":"https:\/\/centroferreterofarvel.com\/index.php\/author\/"},"uagb_comment_info":0,"uagb_excerpt":"Cinta Masking Automotriz 3\/4 ABRO: Precisi\u00f3n y Protecci\u00f3n en tu Trabajo de Pintura.","_links":{"self":[{"href":"https:\/\/centroferreterofarvel.com\/index.php\/wp-json\/wp\/v2\/product\/6787"}],"collection":[{"href":"https:\/\/centroferreterofarvel.com\/index.php\/wp-json\/wp\/v2\/product"}],"about":[{"href":"https:\/\/centroferreterofarvel.com\/index.php\/wp-json\/wp\/v2\/types\/product"}],"replies":[{"embeddable":true,"href":"https:\/\/centroferreterofarvel.com\/index.php\/wp-json\/wp\/v2\/comments?post=6787"}],"version-history":[{"count":4,"href":"https:\/\/centroferreterofarvel.com\/index.php\/wp-json\/wp\/v2\/product\/6787\/revisions"}],"predecessor-version":[{"id":9296,"href":"https:\/\/centroferreterofarvel.com\/index.php\/wp-json\/wp\/v2\/product\/6787\/revisions\/9296"}],"wp:featuredmedia":[{"embeddable":true,"href":"https:\/\/centroferreterofarvel.com\/index.php\/wp-json\/wp\/v2\/media\/6788"}],"wp:attachment":[{"href":"https:\/\/centroferreterofarvel.com\/index.php\/wp-json\/wp\/v2\/media?parent=6787"}],"wp:term":[{"taxonomy":"product_cat","embeddable":true,"href":"https:\/\/centroferreterofarvel.com\/index.php\/wp-json\/wp\/v2\/product_cat?post=6787"},{"taxonomy":"product_tag","embeddable":true,"href":"https:\/\/centroferreterofarvel.com\/index.php\/wp-json\/wp\/v2\/product_tag?post=6787"}],"curies":[{"name":"wp","href":"https:\/\/api.w.org\/{rel}","templated":true}]}}