{"id":7128,"date":"2024-02-20T14:53:13","date_gmt":"2024-02-20T19:53:13","guid":{"rendered":"https:\/\/centroferreterofarvel.com\/?post_type=product&#038;p=7128"},"modified":"2024-04-02T17:34:28","modified_gmt":"2024-04-02T22:34:28","slug":"empaque-superior-lavabo","status":"publish","type":"product","link":"https:\/\/centroferreterofarvel.com\/index.php\/producto\/empaque-superior-lavabo\/","title":{"rendered":"EMPAQUE SUPERIOR LAVABO"},"content":{"rendered":"<p>El empaque superior para lavabo desempe\u00f1a un papel crucial en asegurar conexiones herm\u00e9ticas y prevenir fugas en tu sistema de plomer\u00eda. Este componente es esencial para mantener seca y segura el \u00e1rea alrededor de tu lavabo. Utilizar un empaque de calidad contribuye al mantenimiento preventivo de tu sistema de plomer\u00eda, previniendo problemas a largo plazo y asegurando un rendimiento constante. Con el empaque superior adecuado, puedes disfrutar de un lavabo funcional y libre de fugas en tu ba\u00f1o.<\/p>\n","protected":false},"excerpt":{"rendered":"<p>Empaque Superior para Lavabo: Garantizando Estanqueidad y Funcionamiento \u00d3ptimo.<\/p>\n","protected":false},"featured_media":7129,"comment_status":"open","ping_status":"closed","template":"","meta":{"_uag_custom_page_level_css":""},"product_cat":[22,178],"product_tag":[1048,391,1047,1049,389,1045],"jetpack_sharing_enabled":true,"uagb_featured_image_src":{"full":["https:\/\/centroferreterofarvel.com\/wp-content\/uploads\/2024\/02\/EMPAQUE-SUPERIOR-LAVABO.png",1080,1350,false],"thumbnail":["https:\/\/centroferreterofarvel.com\/wp-content\/uploads\/2024\/02\/EMPAQUE-SUPERIOR-LAVABO-150x150.png",150,150,true],"medium":["https:\/\/centroferreterofarvel.com\/wp-content\/uploads\/2024\/02\/EMPAQUE-SUPERIOR-LAVABO-240x300.png",240,300,true],"medium_large":["https:\/\/centroferreterofarvel.com\/wp-content\/uploads\/2024\/02\/EMPAQUE-SUPERIOR-LAVABO-768x960.png",768,960,true],"large":["https:\/\/centroferreterofarvel.com\/wp-content\/uploads\/2024\/02\/EMPAQUE-SUPERIOR-LAVABO-819x1024.png",819,1024,true],"1536x1536":["https:\/\/centroferreterofarvel.com\/wp-content\/uploads\/2024\/02\/EMPAQUE-SUPERIOR-LAVABO.png",1080,1350,false],"2048x2048":["https:\/\/centroferreterofarvel.com\/wp-content\/uploads\/2024\/02\/EMPAQUE-SUPERIOR-LAVABO.png",1080,1350,false],"mailpoet_newsletter_max":["https:\/\/centroferreterofarvel.com\/wp-content\/uploads\/2024\/02\/EMPAQUE-SUPERIOR-LAVABO.png",1080,1350,false],"woocommerce_thumbnail":["https:\/\/centroferreterofarvel.com\/wp-content\/uploads\/2024\/02\/EMPAQUE-SUPERIOR-LAVABO-450x450.png",450,450,true],"woocommerce_single":["https:\/\/centroferreterofarvel.com\/wp-content\/uploads\/2024\/02\/EMPAQUE-SUPERIOR-LAVABO-600x750.png",600,750,true],"woocommerce_gallery_thumbnail":["https:\/\/centroferreterofarvel.com\/wp-content\/uploads\/2024\/02\/EMPAQUE-SUPERIOR-LAVABO-100x100.png",100,100,true]},"uagb_author_info":{"display_name":"centroferreterofarvel","author_link":"https:\/\/centroferreterofarvel.com\/index.php\/author\/"},"uagb_comment_info":0,"uagb_excerpt":"Empaque Superior para Lavabo: Garantizando Estanqueidad y Funcionamiento \u00d3ptimo.","_links":{"self":[{"href":"https:\/\/centroferreterofarvel.com\/index.php\/wp-json\/wp\/v2\/product\/7128"}],"collection":[{"href":"https:\/\/centroferreterofarvel.com\/index.php\/wp-json\/wp\/v2\/product"}],"about":[{"href":"https:\/\/centroferreterofarvel.com\/index.php\/wp-json\/wp\/v2\/types\/product"}],"replies":[{"embeddable":true,"href":"https:\/\/centroferreterofarvel.com\/index.php\/wp-json\/wp\/v2\/comments?post=7128"}],"version-history":[{"count":2,"href":"https:\/\/centroferreterofarvel.com\/index.php\/wp-json\/wp\/v2\/product\/7128\/revisions"}],"predecessor-version":[{"id":7958,"href":"https:\/\/centroferreterofarvel.com\/index.php\/wp-json\/wp\/v2\/product\/7128\/revisions\/7958"}],"wp:featuredmedia":[{"embeddable":true,"href":"https:\/\/centroferreterofarvel.com\/index.php\/wp-json\/wp\/v2\/media\/7129"}],"wp:attachment":[{"href":"https:\/\/centroferreterofarvel.com\/index.php\/wp-json\/wp\/v2\/media?parent=7128"}],"wp:term":[{"taxonomy":"product_cat","embeddable":true,"href":"https:\/\/centroferreterofarvel.com\/index.php\/wp-json\/wp\/v2\/product_cat?post=7128"},{"taxonomy":"product_tag","embeddable":true,"href":"https:\/\/centroferreterofarvel.com\/index.php\/wp-json\/wp\/v2\/product_tag?post=7128"}],"curies":[{"name":"wp","href":"https:\/\/api.w.org\/{rel}","templated":true}]}}