{"id":7149,"date":"2024-02-20T15:45:47","date_gmt":"2024-02-20T20:45:47","guid":{"rendered":"https:\/\/centroferreterofarvel.com\/?post_type=product&#038;p=7149"},"modified":"2024-04-11T00:31:54","modified_gmt":"2024-04-11T05:31:54","slug":"esmalte-duracolor-amarillo-1-24","status":"publish","type":"product","link":"https:\/\/centroferreterofarvel.com\/index.php\/producto\/esmalte-duracolor-amarillo-1-24\/","title":{"rendered":"ESMALTE DURACOLOR 1\/24"},"content":{"rendered":"<p>Descubre el Esmalte Duracolor, una opci\u00f3n vibrante y duradera para dar vida a tus espacios. Este esmalte, formulado con los m\u00e1s altos est\u00e1ndares de calidad, ofrece una combinaci\u00f3n perfecta entre protecci\u00f3n y estilo. Ideal para una amplia gama de aplicaciones, el esmalte Duracolor es adecuado para interiores y exteriores. Puedes utilizarlo para renovar tus paredes, barandas, puertas, ventanas y m\u00e1s, brindando una apariencia fresca y renovada a cualquier espacio. Embellece tus superficies y crea un entorno vibrante que refleje tu estilo \u00fanico.<\/p>\n","protected":false},"excerpt":{"rendered":"<p>Esmalte Duracolor Amarillo: Protecci\u00f3n y Estilo para tus Superficies.<\/p>\n","protected":false},"featured_media":7150,"comment_status":"open","ping_status":"closed","template":"","meta":{"_uag_custom_page_level_css":""},"product_cat":[35,164],"product_tag":[1056,1057,1058,1060,1061,1059],"jetpack_sharing_enabled":true,"uagb_featured_image_src":{"full":["https:\/\/centroferreterofarvel.com\/wp-content\/uploads\/2024\/02\/ESMALTE-DURACOLOR-AMARILLO-124.png",1080,1350,false],"thumbnail":["https:\/\/centroferreterofarvel.com\/wp-content\/uploads\/2024\/02\/ESMALTE-DURACOLOR-AMARILLO-124-150x150.png",150,150,true],"medium":["https:\/\/centroferreterofarvel.com\/wp-content\/uploads\/2024\/02\/ESMALTE-DURACOLOR-AMARILLO-124-240x300.png",240,300,true],"medium_large":["https:\/\/centroferreterofarvel.com\/wp-content\/uploads\/2024\/02\/ESMALTE-DURACOLOR-AMARILLO-124-768x960.png",768,960,true],"large":["https:\/\/centroferreterofarvel.com\/wp-content\/uploads\/2024\/02\/ESMALTE-DURACOLOR-AMARILLO-124-819x1024.png",819,1024,true],"1536x1536":["https:\/\/centroferreterofarvel.com\/wp-content\/uploads\/2024\/02\/ESMALTE-DURACOLOR-AMARILLO-124.png",1080,1350,false],"2048x2048":["https:\/\/centroferreterofarvel.com\/wp-content\/uploads\/2024\/02\/ESMALTE-DURACOLOR-AMARILLO-124.png",1080,1350,false],"mailpoet_newsletter_max":["https:\/\/centroferreterofarvel.com\/wp-content\/uploads\/2024\/02\/ESMALTE-DURACOLOR-AMARILLO-124.png",1080,1350,false],"woocommerce_thumbnail":["https:\/\/centroferreterofarvel.com\/wp-content\/uploads\/2024\/02\/ESMALTE-DURACOLOR-AMARILLO-124-450x450.png",450,450,true],"woocommerce_single":["https:\/\/centroferreterofarvel.com\/wp-content\/uploads\/2024\/02\/ESMALTE-DURACOLOR-AMARILLO-124-600x750.png",600,750,true],"woocommerce_gallery_thumbnail":["https:\/\/centroferreterofarvel.com\/wp-content\/uploads\/2024\/02\/ESMALTE-DURACOLOR-AMARILLO-124-100x100.png",100,100,true]},"uagb_author_info":{"display_name":"centroferreterofarvel","author_link":"https:\/\/centroferreterofarvel.com\/index.php\/author\/"},"uagb_comment_info":0,"uagb_excerpt":"Esmalte Duracolor Amarillo: Protecci\u00f3n y Estilo para tus Superficies.","_links":{"self":[{"href":"https:\/\/centroferreterofarvel.com\/index.php\/wp-json\/wp\/v2\/product\/7149"}],"collection":[{"href":"https:\/\/centroferreterofarvel.com\/index.php\/wp-json\/wp\/v2\/product"}],"about":[{"href":"https:\/\/centroferreterofarvel.com\/index.php\/wp-json\/wp\/v2\/types\/product"}],"replies":[{"embeddable":true,"href":"https:\/\/centroferreterofarvel.com\/index.php\/wp-json\/wp\/v2\/comments?post=7149"}],"version-history":[{"count":3,"href":"https:\/\/centroferreterofarvel.com\/index.php\/wp-json\/wp\/v2\/product\/7149\/revisions"}],"predecessor-version":[{"id":7972,"href":"https:\/\/centroferreterofarvel.com\/index.php\/wp-json\/wp\/v2\/product\/7149\/revisions\/7972"}],"wp:featuredmedia":[{"embeddable":true,"href":"https:\/\/centroferreterofarvel.com\/index.php\/wp-json\/wp\/v2\/media\/7150"}],"wp:attachment":[{"href":"https:\/\/centroferreterofarvel.com\/index.php\/wp-json\/wp\/v2\/media?parent=7149"}],"wp:term":[{"taxonomy":"product_cat","embeddable":true,"href":"https:\/\/centroferreterofarvel.com\/index.php\/wp-json\/wp\/v2\/product_cat?post=7149"},{"taxonomy":"product_tag","embeddable":true,"href":"https:\/\/centroferreterofarvel.com\/index.php\/wp-json\/wp\/v2\/product_tag?post=7149"}],"curies":[{"name":"wp","href":"https:\/\/api.w.org\/{rel}","templated":true}]}}