{"id":7160,"date":"2024-02-20T16:30:11","date_gmt":"2024-02-20T21:30:11","guid":{"rendered":"https:\/\/centroferreterofarvel.com\/?post_type=product&#038;p=7160"},"modified":"2024-04-11T01:37:55","modified_gmt":"2024-04-11T06:37:55","slug":"esponja-gris-para-enlucir","status":"publish","type":"product","link":"https:\/\/centroferreterofarvel.com\/index.php\/producto\/esponja-gris-para-enlucir\/","title":{"rendered":"ESPONJA GRIS PARA ENLUCIR"},"content":{"rendered":"<p>La Esponja Gris para Enlucir es una herramienta indispensable para lograr acabados suaves y uniformes en tus proyectos de construcci\u00f3n y mantenimiento. Dise\u00f1ada para facilitar el proceso de enlucido, esta esponja se destaca por su eficacia y versatilidad. Su dise\u00f1o y textura hacen que esta esponja sea perfecta para trabajos de enlucido. Puedes lograr acabados suaves y uniformes al aplicar y suavizar el enlucido de manera eficiente. A\u00f1ade esta esponja a tu conjunto de herramientas y experimenta la diferencia que puede hacer en la calidad de tus acabados.<\/p>\n","protected":false},"excerpt":{"rendered":"<p>Esponja Gris para Enlucir: Herramienta Esencial para Acabados Perfectos.<\/p>\n","protected":false},"featured_media":7161,"comment_status":"open","ping_status":"closed","template":"","meta":{"_uag_custom_page_level_css":""},"product_cat":[163,35],"product_tag":[318,1066,1068,1067,1065,494,642,478],"jetpack_sharing_enabled":true,"uagb_featured_image_src":{"full":["https:\/\/centroferreterofarvel.com\/wp-content\/uploads\/2024\/02\/ESPONJA-GRIS-PARA-ENLUCIR.png",1080,1350,false],"thumbnail":["https:\/\/centroferreterofarvel.com\/wp-content\/uploads\/2024\/02\/ESPONJA-GRIS-PARA-ENLUCIR-150x150.png",150,150,true],"medium":["https:\/\/centroferreterofarvel.com\/wp-content\/uploads\/2024\/02\/ESPONJA-GRIS-PARA-ENLUCIR-240x300.png",240,300,true],"medium_large":["https:\/\/centroferreterofarvel.com\/wp-content\/uploads\/2024\/02\/ESPONJA-GRIS-PARA-ENLUCIR-768x960.png",768,960,true],"large":["https:\/\/centroferreterofarvel.com\/wp-content\/uploads\/2024\/02\/ESPONJA-GRIS-PARA-ENLUCIR-819x1024.png",819,1024,true],"1536x1536":["https:\/\/centroferreterofarvel.com\/wp-content\/uploads\/2024\/02\/ESPONJA-GRIS-PARA-ENLUCIR.png",1080,1350,false],"2048x2048":["https:\/\/centroferreterofarvel.com\/wp-content\/uploads\/2024\/02\/ESPONJA-GRIS-PARA-ENLUCIR.png",1080,1350,false],"mailpoet_newsletter_max":["https:\/\/centroferreterofarvel.com\/wp-content\/uploads\/2024\/02\/ESPONJA-GRIS-PARA-ENLUCIR.png",1080,1350,false],"woocommerce_thumbnail":["https:\/\/centroferreterofarvel.com\/wp-content\/uploads\/2024\/02\/ESPONJA-GRIS-PARA-ENLUCIR-450x450.png",450,450,true],"woocommerce_single":["https:\/\/centroferreterofarvel.com\/wp-content\/uploads\/2024\/02\/ESPONJA-GRIS-PARA-ENLUCIR-600x750.png",600,750,true],"woocommerce_gallery_thumbnail":["https:\/\/centroferreterofarvel.com\/wp-content\/uploads\/2024\/02\/ESPONJA-GRIS-PARA-ENLUCIR-100x100.png",100,100,true]},"uagb_author_info":{"display_name":"centroferreterofarvel","author_link":"https:\/\/centroferreterofarvel.com\/index.php\/author\/"},"uagb_comment_info":0,"uagb_excerpt":"Esponja Gris para Enlucir: Herramienta Esencial para Acabados Perfectos.","_links":{"self":[{"href":"https:\/\/centroferreterofarvel.com\/index.php\/wp-json\/wp\/v2\/product\/7160"}],"collection":[{"href":"https:\/\/centroferreterofarvel.com\/index.php\/wp-json\/wp\/v2\/product"}],"about":[{"href":"https:\/\/centroferreterofarvel.com\/index.php\/wp-json\/wp\/v2\/types\/product"}],"replies":[{"embeddable":true,"href":"https:\/\/centroferreterofarvel.com\/index.php\/wp-json\/wp\/v2\/comments?post=7160"}],"version-history":[{"count":2,"href":"https:\/\/centroferreterofarvel.com\/index.php\/wp-json\/wp\/v2\/product\/7160\/revisions"}],"predecessor-version":[{"id":7976,"href":"https:\/\/centroferreterofarvel.com\/index.php\/wp-json\/wp\/v2\/product\/7160\/revisions\/7976"}],"wp:featuredmedia":[{"embeddable":true,"href":"https:\/\/centroferreterofarvel.com\/index.php\/wp-json\/wp\/v2\/media\/7161"}],"wp:attachment":[{"href":"https:\/\/centroferreterofarvel.com\/index.php\/wp-json\/wp\/v2\/media?parent=7160"}],"wp:term":[{"taxonomy":"product_cat","embeddable":true,"href":"https:\/\/centroferreterofarvel.com\/index.php\/wp-json\/wp\/v2\/product_cat?post=7160"},{"taxonomy":"product_tag","embeddable":true,"href":"https:\/\/centroferreterofarvel.com\/index.php\/wp-json\/wp\/v2\/product_tag?post=7160"}],"curies":[{"name":"wp","href":"https:\/\/api.w.org\/{rel}","templated":true}]}}