{"id":7369,"date":"2024-02-24T20:54:41","date_gmt":"2024-02-25T01:54:41","guid":{"rendered":"https:\/\/centroferreterofarvel.com\/?post_type=product&#038;p=7369"},"modified":"2024-05-20T14:29:18","modified_gmt":"2024-05-20T19:29:18","slug":"gafas-de-proteccion-oscura","status":"publish","type":"product","link":"https:\/\/centroferreterofarvel.com\/index.php\/producto\/gafas-de-proteccion-oscura\/","title":{"rendered":"GAFAS DE PROTECCI\u00d3N"},"content":{"rendered":"<p>Asegura la protecci\u00f3n de tus ojos con las Gafas de Protecci\u00f3n, dise\u00f1adas para brindar seguridad y una visi\u00f3n clara en entornos laborales y actividades que requieren resguardo visual. Afronta tus tareas con confianza y estilo utilizando nuestras Gafas de Protecci\u00f3n, un accesorio esencial que combina seguridad y dise\u00f1o. Estas gafas son un componente esencial del equipo de seguridad personal, proporcionando una barrera efectiva contra part\u00edculas, l\u00edquidos y otros riesgos. Mant\u00e9n tus ojos protegidos sin sacrificar la claridad visual con este equipo de seguridad confiable.<\/p>\n","protected":false},"excerpt":{"rendered":"<p>Gafas De Protecci\u00f3n: Seguridad Y Visi\u00f3n Clara.<\/p>\n","protected":false},"featured_media":7370,"comment_status":"open","ping_status":"closed","template":"","meta":{"_uag_custom_page_level_css":""},"product_cat":[179],"product_tag":[1116,1686,1684,1687,1114,1122,1118,1685],"jetpack_sharing_enabled":true,"uagb_featured_image_src":{"full":["https:\/\/centroferreterofarvel.com\/wp-content\/uploads\/2024\/02\/GAFAS-DE-PROTECCION-OSCURA.png",1080,1350,false],"thumbnail":["https:\/\/centroferreterofarvel.com\/wp-content\/uploads\/2024\/02\/GAFAS-DE-PROTECCION-OSCURA-150x150.png",150,150,true],"medium":["https:\/\/centroferreterofarvel.com\/wp-content\/uploads\/2024\/02\/GAFAS-DE-PROTECCION-OSCURA-240x300.png",240,300,true],"medium_large":["https:\/\/centroferreterofarvel.com\/wp-content\/uploads\/2024\/02\/GAFAS-DE-PROTECCION-OSCURA-768x960.png",768,960,true],"large":["https:\/\/centroferreterofarvel.com\/wp-content\/uploads\/2024\/02\/GAFAS-DE-PROTECCION-OSCURA-819x1024.png",819,1024,true],"1536x1536":["https:\/\/centroferreterofarvel.com\/wp-content\/uploads\/2024\/02\/GAFAS-DE-PROTECCION-OSCURA.png",1080,1350,false],"2048x2048":["https:\/\/centroferreterofarvel.com\/wp-content\/uploads\/2024\/02\/GAFAS-DE-PROTECCION-OSCURA.png",1080,1350,false],"mailpoet_newsletter_max":["https:\/\/centroferreterofarvel.com\/wp-content\/uploads\/2024\/02\/GAFAS-DE-PROTECCION-OSCURA.png",1080,1350,false],"woocommerce_thumbnail":["https:\/\/centroferreterofarvel.com\/wp-content\/uploads\/2024\/02\/GAFAS-DE-PROTECCION-OSCURA-450x450.png",450,450,true],"woocommerce_single":["https:\/\/centroferreterofarvel.com\/wp-content\/uploads\/2024\/02\/GAFAS-DE-PROTECCION-OSCURA-600x750.png",600,750,true],"woocommerce_gallery_thumbnail":["https:\/\/centroferreterofarvel.com\/wp-content\/uploads\/2024\/02\/GAFAS-DE-PROTECCION-OSCURA-100x100.png",100,100,true]},"uagb_author_info":{"display_name":"centroferreterofarvel","author_link":"https:\/\/centroferreterofarvel.com\/index.php\/author\/"},"uagb_comment_info":0,"uagb_excerpt":"Gafas De Protecci\u00f3n: Seguridad Y Visi\u00f3n Clara.","_links":{"self":[{"href":"https:\/\/centroferreterofarvel.com\/index.php\/wp-json\/wp\/v2\/product\/7369"}],"collection":[{"href":"https:\/\/centroferreterofarvel.com\/index.php\/wp-json\/wp\/v2\/product"}],"about":[{"href":"https:\/\/centroferreterofarvel.com\/index.php\/wp-json\/wp\/v2\/types\/product"}],"replies":[{"embeddable":true,"href":"https:\/\/centroferreterofarvel.com\/index.php\/wp-json\/wp\/v2\/comments?post=7369"}],"version-history":[{"count":2,"href":"https:\/\/centroferreterofarvel.com\/index.php\/wp-json\/wp\/v2\/product\/7369\/revisions"}],"predecessor-version":[{"id":8165,"href":"https:\/\/centroferreterofarvel.com\/index.php\/wp-json\/wp\/v2\/product\/7369\/revisions\/8165"}],"wp:featuredmedia":[{"embeddable":true,"href":"https:\/\/centroferreterofarvel.com\/index.php\/wp-json\/wp\/v2\/media\/7370"}],"wp:attachment":[{"href":"https:\/\/centroferreterofarvel.com\/index.php\/wp-json\/wp\/v2\/media?parent=7369"}],"wp:term":[{"taxonomy":"product_cat","embeddable":true,"href":"https:\/\/centroferreterofarvel.com\/index.php\/wp-json\/wp\/v2\/product_cat?post=7369"},{"taxonomy":"product_tag","embeddable":true,"href":"https:\/\/centroferreterofarvel.com\/index.php\/wp-json\/wp\/v2\/product_tag?post=7369"}],"curies":[{"name":"wp","href":"https:\/\/api.w.org\/{rel}","templated":true}]}}