{"id":7777,"date":"2024-02-26T07:51:59","date_gmt":"2024-02-26T12:51:59","guid":{"rendered":"https:\/\/centroferreterofarvel.com\/?post_type=product&#038;p=7777"},"modified":"2024-04-09T15:01:36","modified_gmt":"2024-04-09T20:01:36","slug":"spray-impermeabilizante-gris-qsb","status":"publish","type":"product","link":"https:\/\/centroferreterofarvel.com\/index.php\/producto\/spray-impermeabilizante-gris-qsb\/","title":{"rendered":"SPRAY IMPERMEABILIZANTE GRIS QSB"},"content":{"rendered":"<p>El Spray Impermeabilizante Gris de la marca QSB es la soluci\u00f3n perfecta para brindar una protecci\u00f3n avanzada contra la humedad y los elementos, al tiempo que a\u00f1ade un toque de estilo a tus proyectos. La f\u00f3rmula especial de este spray crea una capa impermeable sobre la superficie aplicada, protegiendo contra la humedad, la lluvia y otros elementos que puedan da\u00f1ar las superficies. Con el Spray Impermeabilizante Gris QSB, no solo obtienes una protecci\u00f3n de alta calidad contra la humedad, sino que tambi\u00e9n transformas tus proyectos en experiencias est\u00e9ticas y duraderas. Descubre la combinaci\u00f3n perfecta de funcionalidad y estilo con este spray innovador de QSB.<\/p>\n","protected":false},"excerpt":{"rendered":"<p>Spray Impermeabilizante Gris QSB: Protecci\u00f3n Avanzada con Estilo.<\/p>\n","protected":false},"featured_media":7778,"comment_status":"open","ping_status":"closed","template":"","meta":{"_uag_custom_page_level_css":""},"product_cat":[103,32],"product_tag":[1432,1259,1435,1434,1433,1429,1431,1430],"jetpack_sharing_enabled":true,"uagb_featured_image_src":{"full":["https:\/\/centroferreterofarvel.com\/wp-content\/uploads\/2024\/02\/SPRAY-IMPERMEABILIZANTE-GRIS-QSB.png",1080,1350,false],"thumbnail":["https:\/\/centroferreterofarvel.com\/wp-content\/uploads\/2024\/02\/SPRAY-IMPERMEABILIZANTE-GRIS-QSB-150x150.png",150,150,true],"medium":["https:\/\/centroferreterofarvel.com\/wp-content\/uploads\/2024\/02\/SPRAY-IMPERMEABILIZANTE-GRIS-QSB-240x300.png",240,300,true],"medium_large":["https:\/\/centroferreterofarvel.com\/wp-content\/uploads\/2024\/02\/SPRAY-IMPERMEABILIZANTE-GRIS-QSB-768x960.png",768,960,true],"large":["https:\/\/centroferreterofarvel.com\/wp-content\/uploads\/2024\/02\/SPRAY-IMPERMEABILIZANTE-GRIS-QSB-819x1024.png",819,1024,true],"1536x1536":["https:\/\/centroferreterofarvel.com\/wp-content\/uploads\/2024\/02\/SPRAY-IMPERMEABILIZANTE-GRIS-QSB.png",1080,1350,false],"2048x2048":["https:\/\/centroferreterofarvel.com\/wp-content\/uploads\/2024\/02\/SPRAY-IMPERMEABILIZANTE-GRIS-QSB.png",1080,1350,false],"mailpoet_newsletter_max":["https:\/\/centroferreterofarvel.com\/wp-content\/uploads\/2024\/02\/SPRAY-IMPERMEABILIZANTE-GRIS-QSB.png",1080,1350,false],"woocommerce_thumbnail":["https:\/\/centroferreterofarvel.com\/wp-content\/uploads\/2024\/02\/SPRAY-IMPERMEABILIZANTE-GRIS-QSB-450x450.png",450,450,true],"woocommerce_single":["https:\/\/centroferreterofarvel.com\/wp-content\/uploads\/2024\/02\/SPRAY-IMPERMEABILIZANTE-GRIS-QSB-600x750.png",600,750,true],"woocommerce_gallery_thumbnail":["https:\/\/centroferreterofarvel.com\/wp-content\/uploads\/2024\/02\/SPRAY-IMPERMEABILIZANTE-GRIS-QSB-100x100.png",100,100,true]},"uagb_author_info":{"display_name":"centroferreterofarvel","author_link":"https:\/\/centroferreterofarvel.com\/index.php\/author\/"},"uagb_comment_info":0,"uagb_excerpt":"Spray Impermeabilizante Gris QSB: Protecci\u00f3n Avanzada con Estilo.","_links":{"self":[{"href":"https:\/\/centroferreterofarvel.com\/index.php\/wp-json\/wp\/v2\/product\/7777"}],"collection":[{"href":"https:\/\/centroferreterofarvel.com\/index.php\/wp-json\/wp\/v2\/product"}],"about":[{"href":"https:\/\/centroferreterofarvel.com\/index.php\/wp-json\/wp\/v2\/types\/product"}],"replies":[{"embeddable":true,"href":"https:\/\/centroferreterofarvel.com\/index.php\/wp-json\/wp\/v2\/comments?post=7777"}],"version-history":[{"count":3,"href":"https:\/\/centroferreterofarvel.com\/index.php\/wp-json\/wp\/v2\/product\/7777\/revisions"}],"predecessor-version":[{"id":8705,"href":"https:\/\/centroferreterofarvel.com\/index.php\/wp-json\/wp\/v2\/product\/7777\/revisions\/8705"}],"wp:featuredmedia":[{"embeddable":true,"href":"https:\/\/centroferreterofarvel.com\/index.php\/wp-json\/wp\/v2\/media\/7778"}],"wp:attachment":[{"href":"https:\/\/centroferreterofarvel.com\/index.php\/wp-json\/wp\/v2\/media?parent=7777"}],"wp:term":[{"taxonomy":"product_cat","embeddable":true,"href":"https:\/\/centroferreterofarvel.com\/index.php\/wp-json\/wp\/v2\/product_cat?post=7777"},{"taxonomy":"product_tag","embeddable":true,"href":"https:\/\/centroferreterofarvel.com\/index.php\/wp-json\/wp\/v2\/product_tag?post=7777"}],"curies":[{"name":"wp","href":"https:\/\/api.w.org\/{rel}","templated":true}]}}