{"id":7838,"date":"2024-02-26T09:18:09","date_gmt":"2024-02-26T14:18:09","guid":{"rendered":"https:\/\/centroferreterofarvel.com\/?post_type=product&#038;p=7838"},"modified":"2024-04-09T13:49:33","modified_gmt":"2024-04-09T18:49:33","slug":"tirafondo-1-4-x-1-1-2-paquete-de-10-u","status":"publish","type":"product","link":"https:\/\/centroferreterofarvel.com\/index.php\/producto\/tirafondo-1-4-x-1-1-2-paquete-de-10-u\/","title":{"rendered":"TIRAFONDOS"},"content":{"rendered":"<p>El tirafondo es una opci\u00f3n robusta y confiable dise\u00f1ada para aplicaciones de fijaci\u00f3n que requieren resistencia y durabilidad. Este paquete\u00a0 de tirafondos para abordar diversas necesidades de fijaci\u00f3n en proyectos diversos. La rosca profunda asegura una excelente sujeci\u00f3n y agarre al material, mejorando la estabilidad de la fijaci\u00f3n. Los tirafondos ofrecen una soluci\u00f3n confiable para proyectos de fijaci\u00f3n que requieren resistencia y durabilidad, asegurando una sujeci\u00f3n segura en una variedad de aplicaciones.<\/p>\n","protected":false},"excerpt":{"rendered":"<p>Tirafondo: Soluci\u00f3n Robusta Para Fijaci\u00f3n.<\/p>\n","protected":false},"featured_media":7839,"comment_status":"open","ping_status":"closed","template":"","meta":{"_uag_custom_page_level_css":""},"product_cat":[15,126],"product_tag":[1639,1642,1640,1641],"jetpack_sharing_enabled":true,"uagb_featured_image_src":{"full":["https:\/\/centroferreterofarvel.com\/wp-content\/uploads\/2024\/02\/TIRAFONDO-14-X-1-12-PAQUETE-DE-10-U.png",1080,1350,false],"thumbnail":["https:\/\/centroferreterofarvel.com\/wp-content\/uploads\/2024\/02\/TIRAFONDO-14-X-1-12-PAQUETE-DE-10-U-150x150.png",150,150,true],"medium":["https:\/\/centroferreterofarvel.com\/wp-content\/uploads\/2024\/02\/TIRAFONDO-14-X-1-12-PAQUETE-DE-10-U-240x300.png",240,300,true],"medium_large":["https:\/\/centroferreterofarvel.com\/wp-content\/uploads\/2024\/02\/TIRAFONDO-14-X-1-12-PAQUETE-DE-10-U-768x960.png",768,960,true],"large":["https:\/\/centroferreterofarvel.com\/wp-content\/uploads\/2024\/02\/TIRAFONDO-14-X-1-12-PAQUETE-DE-10-U-819x1024.png",819,1024,true],"1536x1536":["https:\/\/centroferreterofarvel.com\/wp-content\/uploads\/2024\/02\/TIRAFONDO-14-X-1-12-PAQUETE-DE-10-U.png",1080,1350,false],"2048x2048":["https:\/\/centroferreterofarvel.com\/wp-content\/uploads\/2024\/02\/TIRAFONDO-14-X-1-12-PAQUETE-DE-10-U.png",1080,1350,false],"mailpoet_newsletter_max":["https:\/\/centroferreterofarvel.com\/wp-content\/uploads\/2024\/02\/TIRAFONDO-14-X-1-12-PAQUETE-DE-10-U.png",1080,1350,false],"woocommerce_thumbnail":["https:\/\/centroferreterofarvel.com\/wp-content\/uploads\/2024\/02\/TIRAFONDO-14-X-1-12-PAQUETE-DE-10-U-450x450.png",450,450,true],"woocommerce_single":["https:\/\/centroferreterofarvel.com\/wp-content\/uploads\/2024\/02\/TIRAFONDO-14-X-1-12-PAQUETE-DE-10-U-600x750.png",600,750,true],"woocommerce_gallery_thumbnail":["https:\/\/centroferreterofarvel.com\/wp-content\/uploads\/2024\/02\/TIRAFONDO-14-X-1-12-PAQUETE-DE-10-U-100x100.png",100,100,true]},"uagb_author_info":{"display_name":"centroferreterofarvel","author_link":"https:\/\/centroferreterofarvel.com\/index.php\/author\/"},"uagb_comment_info":0,"uagb_excerpt":"Tirafondo: Soluci\u00f3n Robusta Para Fijaci\u00f3n.","_links":{"self":[{"href":"https:\/\/centroferreterofarvel.com\/index.php\/wp-json\/wp\/v2\/product\/7838"}],"collection":[{"href":"https:\/\/centroferreterofarvel.com\/index.php\/wp-json\/wp\/v2\/product"}],"about":[{"href":"https:\/\/centroferreterofarvel.com\/index.php\/wp-json\/wp\/v2\/types\/product"}],"replies":[{"embeddable":true,"href":"https:\/\/centroferreterofarvel.com\/index.php\/wp-json\/wp\/v2\/comments?post=7838"}],"version-history":[{"count":3,"href":"https:\/\/centroferreterofarvel.com\/index.php\/wp-json\/wp\/v2\/product\/7838\/revisions"}],"predecessor-version":[{"id":10109,"href":"https:\/\/centroferreterofarvel.com\/index.php\/wp-json\/wp\/v2\/product\/7838\/revisions\/10109"}],"wp:featuredmedia":[{"embeddable":true,"href":"https:\/\/centroferreterofarvel.com\/index.php\/wp-json\/wp\/v2\/media\/7839"}],"wp:attachment":[{"href":"https:\/\/centroferreterofarvel.com\/index.php\/wp-json\/wp\/v2\/media?parent=7838"}],"wp:term":[{"taxonomy":"product_cat","embeddable":true,"href":"https:\/\/centroferreterofarvel.com\/index.php\/wp-json\/wp\/v2\/product_cat?post=7838"},{"taxonomy":"product_tag","embeddable":true,"href":"https:\/\/centroferreterofarvel.com\/index.php\/wp-json\/wp\/v2\/product_tag?post=7838"}],"curies":[{"name":"wp","href":"https:\/\/api.w.org\/{rel}","templated":true}]}}