{"id":8058,"date":"2024-03-01T16:31:36","date_gmt":"2024-03-01T21:31:36","guid":{"rendered":"https:\/\/centroferreterofarvel.com\/?post_type=product&#038;p=8058"},"modified":"2024-04-09T12:24:24","modified_gmt":"2024-04-09T17:24:24","slug":"varilla-copperwell","status":"publish","type":"product","link":"https:\/\/centroferreterofarvel.com\/index.php\/producto\/varilla-copperwell\/","title":{"rendered":"VARILLA COPPERWELL"},"content":{"rendered":"<p>La Varilla Copperwell est\u00e1 fabricada en cobre, un material altamente conductor que garantiza una excelente conductividad el\u00e9ctrica y resistencia a la corrosi\u00f3n. Es ampliamente utilizada en una variedad de aplicaciones, incluyendo sistemas de puesta a tierra para edificaciones residenciales, comerciales e industriales, sistemas de pararrayos, subestaciones el\u00e9ctricas, entre otros. la Varilla Copperwell es un componente fundamental en sistemas de puesta a tierra, proporcionando una conexi\u00f3n segura y eficiente entre el sistema el\u00e9ctrico y el suelo para garantizar la protecci\u00f3n contra descargas el\u00e9ctricas y la seguridad de las instalaciones el\u00e9ctricas.<\/p>\n","protected":false},"excerpt":{"rendered":"<p>La Varilla Copperwell es un producto esencial para sistemas de puesta a tierra en estructuras el\u00e9ctricas.<\/p>\n","protected":false},"featured_media":8059,"comment_status":"open","ping_status":"closed","template":"","meta":{"_uag_custom_page_level_css":""},"product_cat":[107,33],"product_tag":[316,318,317,1562,1561],"jetpack_sharing_enabled":true,"uagb_featured_image_src":{"full":["https:\/\/centroferreterofarvel.com\/wp-content\/uploads\/2024\/03\/VARILLA-COPPERWELL.png",1080,1350,false],"thumbnail":["https:\/\/centroferreterofarvel.com\/wp-content\/uploads\/2024\/03\/VARILLA-COPPERWELL-150x150.png",150,150,true],"medium":["https:\/\/centroferreterofarvel.com\/wp-content\/uploads\/2024\/03\/VARILLA-COPPERWELL-240x300.png",240,300,true],"medium_large":["https:\/\/centroferreterofarvel.com\/wp-content\/uploads\/2024\/03\/VARILLA-COPPERWELL-768x960.png",768,960,true],"large":["https:\/\/centroferreterofarvel.com\/wp-content\/uploads\/2024\/03\/VARILLA-COPPERWELL-819x1024.png",819,1024,true],"1536x1536":["https:\/\/centroferreterofarvel.com\/wp-content\/uploads\/2024\/03\/VARILLA-COPPERWELL.png",1080,1350,false],"2048x2048":["https:\/\/centroferreterofarvel.com\/wp-content\/uploads\/2024\/03\/VARILLA-COPPERWELL.png",1080,1350,false],"mailpoet_newsletter_max":["https:\/\/centroferreterofarvel.com\/wp-content\/uploads\/2024\/03\/VARILLA-COPPERWELL.png",1080,1350,false],"woocommerce_thumbnail":["https:\/\/centroferreterofarvel.com\/wp-content\/uploads\/2024\/03\/VARILLA-COPPERWELL-450x450.png",450,450,true],"woocommerce_single":["https:\/\/centroferreterofarvel.com\/wp-content\/uploads\/2024\/03\/VARILLA-COPPERWELL-600x750.png",600,750,true],"woocommerce_gallery_thumbnail":["https:\/\/centroferreterofarvel.com\/wp-content\/uploads\/2024\/03\/VARILLA-COPPERWELL-100x100.png",100,100,true]},"uagb_author_info":{"display_name":"centroferreterofarvel","author_link":"https:\/\/centroferreterofarvel.com\/index.php\/author\/"},"uagb_comment_info":0,"uagb_excerpt":"La Varilla Copperwell es un producto esencial para sistemas de puesta a tierra en estructuras el\u00e9ctricas.","_links":{"self":[{"href":"https:\/\/centroferreterofarvel.com\/index.php\/wp-json\/wp\/v2\/product\/8058"}],"collection":[{"href":"https:\/\/centroferreterofarvel.com\/index.php\/wp-json\/wp\/v2\/product"}],"about":[{"href":"https:\/\/centroferreterofarvel.com\/index.php\/wp-json\/wp\/v2\/types\/product"}],"replies":[{"embeddable":true,"href":"https:\/\/centroferreterofarvel.com\/index.php\/wp-json\/wp\/v2\/comments?post=8058"}],"version-history":[{"count":3,"href":"https:\/\/centroferreterofarvel.com\/index.php\/wp-json\/wp\/v2\/product\/8058\/revisions"}],"predecessor-version":[{"id":9097,"href":"https:\/\/centroferreterofarvel.com\/index.php\/wp-json\/wp\/v2\/product\/8058\/revisions\/9097"}],"wp:featuredmedia":[{"embeddable":true,"href":"https:\/\/centroferreterofarvel.com\/index.php\/wp-json\/wp\/v2\/media\/8059"}],"wp:attachment":[{"href":"https:\/\/centroferreterofarvel.com\/index.php\/wp-json\/wp\/v2\/media?parent=8058"}],"wp:term":[{"taxonomy":"product_cat","embeddable":true,"href":"https:\/\/centroferreterofarvel.com\/index.php\/wp-json\/wp\/v2\/product_cat?post=8058"},{"taxonomy":"product_tag","embeddable":true,"href":"https:\/\/centroferreterofarvel.com\/index.php\/wp-json\/wp\/v2\/product_tag?post=8058"}],"curies":[{"name":"wp","href":"https:\/\/api.w.org\/{rel}","templated":true}]}}